CRAN Package Check Results for Package ScottKnott

Last updated on 2025-01-19 05:49:20 CET.

Flavor Version Tinstall Tcheck Ttotal Status Flags
r-devel-linux-x86_64-debian-clang 1.3-2 11.88 82.54 94.42 NOTE
r-devel-linux-x86_64-debian-gcc 1.3-2 7.28 60.37 67.65 NOTE
r-devel-linux-x86_64-fedora-clang 1.3-2 150.09 OK
r-devel-linux-x86_64-fedora-gcc 1.3-2 148.12 OK
r-devel-windows-x86_64 1.3-2 11.00 91.00 102.00 NOTE
r-patched-linux-x86_64 1.3-2 16.22 77.31 93.53 OK
r-release-linux-x86_64 1.3-2 10.47 78.34 88.81 OK
r-release-macos-arm64 1.3-2 39.00 OK
r-release-macos-x86_64 1.3-2 61.00 OK
r-release-windows-x86_64 1.3-2 11.00 90.00 101.00 OK
r-oldrel-macos-arm64 1.3-2 46.00 OK
r-oldrel-macos-x86_64 1.3-2 110.00 OK
r-oldrel-windows-x86_64 1.3-2 15.00 110.00 125.00 OK

Check Details

Version: 1.3-2
Check: Rd cross-references
Result: NOTE Found the following Rd file(s) with Rd \link{} targets missing package anchors: xtable.SK.Rd: xtable Please provide package anchors for all Rd \link{} targets not in the package itself and the base packages. Flavors: r-devel-linux-x86_64-debian-clang, r-devel-linux-x86_64-debian-gcc, r-devel-windows-x86_64