CRAN Package Check Results for Package ScriptMapR

Last updated on 2025-01-19 05:49:20 CET.

Flavor Version Tinstall Tcheck Ttotal Status Flags
r-devel-linux-x86_64-debian-clang 0.0.3 12.38 75.22 87.60 OK
r-devel-linux-x86_64-debian-gcc 0.0.3 8.33 51.05 59.38 OK
r-devel-linux-x86_64-fedora-clang 0.0.3 136.94 OK
r-devel-linux-x86_64-fedora-gcc 0.0.3 126.67 OK
r-devel-windows-x86_64 0.0.3 13.00 83.00 96.00 OK
r-patched-linux-x86_64 0.0.3 11.80 68.33 80.13 NOTE
r-release-linux-x86_64 0.0.3 10.00 67.67 77.67 NOTE
r-release-macos-arm64 0.0.3 37.00 NOTE
r-release-macos-x86_64 0.0.3 59.00 NOTE
r-release-windows-x86_64 0.0.3 11.00 81.00 92.00 NOTE
r-oldrel-macos-arm64 0.0.3 41.00 NOTE
r-oldrel-macos-x86_64 0.0.3 87.00 NOTE
r-oldrel-windows-x86_64 0.0.3 12.00 102.00 114.00 NOTE

Check Details

Version: 0.0.3
Check: LazyData
Result: NOTE 'LazyData' is specified without a 'data' directory Flavors: r-patched-linux-x86_64, r-release-linux-x86_64, r-release-macos-arm64, r-release-macos-x86_64, r-release-windows-x86_64, r-oldrel-macos-arm64, r-oldrel-macos-x86_64, r-oldrel-windows-x86_64