CRAN Package Check Results for Package SeerMapper2010East

Last updated on 2018-06-19 12:49:38 CEST.

Flavor Version Tinstall Tcheck Ttotal Status Flags
r-devel-linux-x86_64-debian-clang 1.2.0 1.33 30.89 32.22 OK
r-devel-linux-x86_64-debian-gcc 1.2.0 1.09 23.61 24.70 OK
r-devel-linux-x86_64-fedora-clang 1.2.0 35.99 OK
r-devel-linux-x86_64-fedora-gcc 1.2.0 36.47 OK
r-devel-windows-ix86+x86_64 1.2.0 6.00 56.00 62.00 OK
r-patched-linux-x86_64 1.2.0 0.94 28.07 29.01 OK
r-patched-solaris-x86 1.2.0 49.00 NOTE
r-release-linux-x86_64 1.2.0 1.28 28.14 29.42 OK
r-release-windows-ix86+x86_64 1.2.0 3.00 40.00 43.00 OK
r-release-osx-x86_64 1.2.0 OK
r-oldrel-windows-ix86+x86_64 1.2.0 3.00 53.00 56.00 OK
r-oldrel-osx-x86_64 1.2.0 OK

Check Details

Version: 1.2.0
Check: installed package size
Result: NOTE
     installed size is 5.1Mb
     sub-directories of 1Mb or more:
     data 5.0Mb
Flavor: r-patched-solaris-x86