CRAN Package Check Results for Package SeerMapper2010East

Last updated on 2018-12-11 12:48:28 CET.

Flavor Version Tinstall Tcheck Ttotal Status Flags
r-devel-linux-x86_64-debian-clang 1.2.0 1.39 29.53 30.92 OK
r-devel-linux-x86_64-debian-gcc 1.2.0 0.95 22.10 23.05 OK
r-devel-linux-x86_64-fedora-clang 1.2.0 35.17 OK
r-devel-linux-x86_64-fedora-gcc 1.2.0 34.99 OK
r-devel-windows-ix86+x86_64 1.2.0 5.00 46.00 51.00 OK
r-patched-linux-x86_64 1.2.0 0.96 28.32 29.28 OK
r-patched-solaris-x86 1.2.0 50.80 NOTE
r-release-linux-x86_64 1.2.0 1.20 28.47 29.67 OK
r-release-windows-ix86+x86_64 1.2.0 4.00 34.00 38.00 OK
r-release-osx-x86_64 1.2.0 OK
r-oldrel-windows-ix86+x86_64 1.2.0 3.00 55.00 58.00 OK
r-oldrel-osx-x86_64 1.2.0 OK

Check Details

Version: 1.2.0
Check: installed package size
Result: NOTE
     installed size is 5.1Mb
     sub-directories of 1Mb or more:
     data 5.0Mb
Flavor: r-patched-solaris-x86