CRAN Package Check Results for Package SeerMapper2010East

Last updated on 2018-01-18 12:47:49 CET.

Flavor Version Tinstall Tcheck Ttotal Status Flags
r-devel-linux-x86_64-debian-clang 1.2.0 1.13 26.64 27.77 OK
r-devel-linux-x86_64-debian-gcc 1.2.0 1.02 21.63 22.65 OK
r-devel-linux-x86_64-fedora-clang 1.2.0 34.50 OK
r-devel-linux-x86_64-fedora-gcc 1.2.0 34.75 OK
r-devel-windows-ix86+x86_64 1.2.0 4.00 51.00 55.00 OK
r-patched-linux-x86_64 1.2.0 1.33 27.99 29.32 OK
r-patched-solaris-x86 1.2.0 46.90 NOTE
r-release-linux-x86_64 1.2.0 1.11 27.73 28.84 OK
r-release-windows-ix86+x86_64 1.2.0 3.00 54.00 57.00 OK
r-release-osx-x86_64 1.2.0 OK
r-oldrel-windows-ix86+x86_64 1.2.0 3.00 48.00 51.00 OK
r-oldrel-osx-x86_64 1.2.0 OK

Check Details

Version: 1.2.0
Check: installed package size
Result: NOTE
     installed size is 5.1Mb
     sub-directories of 1Mb or more:
     data 5.0Mb
Flavor: r-patched-solaris-x86