CRAN Package Check Results for Package SeerMapper2010East

Last updated on 2018-09-22 12:51:00 CEST.

Flavor Version Tinstall Tcheck Ttotal Status Flags
r-devel-linux-x86_64-debian-clang 1.2.0 1.13 30.22 31.35 OK
r-devel-linux-x86_64-debian-gcc 1.2.0 1.05 23.15 24.20 OK
r-devel-linux-x86_64-fedora-clang 1.2.0 36.97 OK
r-devel-linux-x86_64-fedora-gcc 1.2.0 36.34 OK
r-devel-windows-ix86+x86_64 1.2.0 4.00 57.00 61.00 OK
r-patched-linux-x86_64 1.2.0 1.38 28.00 29.38 OK
r-patched-solaris-x86 1.2.0 48.50 NOTE
r-release-linux-x86_64 1.2.0 1.22 28.61 29.83 OK
r-release-windows-ix86+x86_64 1.2.0 3.00 55.00 58.00 OK
r-release-osx-x86_64 1.2.0 OK
r-oldrel-windows-ix86+x86_64 1.2.0 4.00 53.00 57.00 OK
r-oldrel-osx-x86_64 1.2.0 OK

Check Details

Version: 1.2.0
Check: installed package size
Result: NOTE
     installed size is 5.1Mb
     sub-directories of 1Mb or more:
     data 5.0Mb
Flavor: r-patched-solaris-x86