Last updated on 2024-05-01 16:53:10 CEST.
Flavor | Version | Tinstall | Tcheck | Ttotal | Status | Flags |
---|---|---|---|---|---|---|
r-devel-linux-x86_64-debian-clang | 0.01 | 1.99 | 15.21 | 17.20 | NOTE | |
r-devel-linux-x86_64-debian-gcc | 0.01 | 1.59 | 11.67 | 13.26 | NOTE | |
r-devel-linux-x86_64-fedora-clang | 0.01 | 21.19 | NOTE | |||
r-devel-linux-x86_64-fedora-gcc | 0.01 | 20.16 | NOTE | |||
r-devel-windows-x86_64 | 0.01 | 2.00 | 23.00 | 25.00 | NOTE | |
r-patched-linux-x86_64 | 0.01 | 1.92 | 14.91 | 16.83 | NOTE | |
r-release-linux-x86_64 | 0.01 | 1.74 | 14.40 | 16.14 | NOTE | |
r-release-macos-arm64 | 0.01 | 11.00 | NOTE | |||
r-release-windows-x86_64 | 0.01 | 2.00 | 23.00 | 25.00 | NOTE | |
r-oldrel-macos-arm64 | 0.01 | 11.00 | NOTE | |||
r-oldrel-macos-x86_64 | 0.01 | 15.00 | NOTE | |||
r-oldrel-windows-x86_64 | 0.01 | 2.00 | 23.00 | 25.00 | NOTE |
Version: 0.01
Check: DESCRIPTION meta-information
Result: NOTE
Malformed Title field: should not end in a period.
Malformed Description field: should contain one or more complete sentences.
Flavors: r-devel-linux-x86_64-debian-clang, r-devel-linux-x86_64-debian-gcc, r-devel-linux-x86_64-fedora-clang, r-devel-linux-x86_64-fedora-gcc, r-devel-windows-x86_64, r-patched-linux-x86_64, r-release-linux-x86_64, r-release-macos-arm64, r-release-windows-x86_64, r-oldrel-macos-arm64, r-oldrel-macos-x86_64, r-oldrel-windows-x86_64