CRAN Package Check Results for Package SelectBoost

Last updated on 2019-10-17 12:47:49 CEST.

Flavor Version Tinstall Tcheck Ttotal Status Flags
r-devel-linux-x86_64-debian-clang 1.4.0 12.38 108.01 120.39 OK
r-devel-linux-x86_64-debian-gcc 1.4.0 11.54 84.29 95.83 OK
r-devel-linux-x86_64-fedora-clang 1.4.0 151.71 NOTE
r-devel-linux-x86_64-fedora-gcc 1.4.0 152.52 NOTE
r-devel-windows-ix86+x86_64 1.4.0 38.00 119.00 157.00 OK
r-patched-linux-x86_64 1.4.0 13.32 105.71 119.03 OK
r-patched-solaris-x86 1.4.0 247.20 NOTE
r-release-linux-x86_64 1.4.0 12.49 106.40 118.89 OK
r-release-windows-ix86+x86_64 1.4.0 22.00 121.00 143.00 OK
r-release-osx-x86_64 1.4.0 NOTE
r-oldrel-windows-ix86+x86_64 1.4.0 14.00 105.00 119.00 OK
r-oldrel-osx-x86_64 1.4.0 NOTE

Check Details

Version: 1.4.0
Check: dependencies in R code
Result: NOTE
    Namespace in Imports field not imported from: ‘parallel’
     All declared Imports should be used.
Flavors: r-devel-linux-x86_64-fedora-clang, r-devel-linux-x86_64-fedora-gcc, r-patched-solaris-x86, r-release-osx-x86_64, r-oldrel-osx-x86_64