CRAN Package Check Results for Package SequenceSpikeSlab

Last updated on 2020-02-20 12:47:24 CET.

Flavor Version Tinstall Tcheck Ttotal Status Flags
r-devel-linux-x86_64-debian-clang 0.1.1 24.95 77.45 102.40 OK
r-devel-linux-x86_64-debian-gcc 0.1.1 16.83 58.01 74.84 OK
r-devel-linux-x86_64-fedora-clang 0.1.1 124.35 NOTE
r-devel-linux-x86_64-fedora-gcc 0.1.1 120.54 NOTE
r-devel-windows-ix86+x86_64 0.1.1 45.00 111.00 156.00 OK
r-devel-windows-ix86+x86_64-gcc8 0.1.1 79.00 152.00 231.00 OK
r-patched-linux-x86_64 0.1.1 19.44 67.79 87.23 OK
r-patched-solaris-x86 0.1.1 154.50 NOTE
r-release-linux-x86_64 0.1.1 18.63 68.82 87.45 OK
r-release-windows-ix86+x86_64 0.1.1 48.00 115.00 163.00 OK
r-release-osx-x86_64 0.1.1 NOTE
r-oldrel-windows-ix86+x86_64 0.1.1 37.00 101.00 138.00 OK
r-oldrel-osx-x86_64 0.1.1 NOTE

Check Details

Version: 0.1.1
Check: dependencies in R code
Result: NOTE
    Namespace in Imports field not imported from: ‘RcppProgress’
     All declared Imports should be used.
Flavors: r-devel-linux-x86_64-fedora-clang, r-devel-linux-x86_64-fedora-gcc, r-patched-solaris-x86, r-release-osx-x86_64, r-oldrel-osx-x86_64