Last updated on 2025-01-19 05:49:20 CET.
Flavor | Version | Tinstall | Tcheck | Ttotal | Status | Flags |
---|---|---|---|---|---|---|
r-devel-linux-x86_64-debian-clang | 5.0.2 | 46.65 | 189.45 | 236.10 | OK | |
r-devel-linux-x86_64-debian-gcc | 5.0.2 | 33.93 | 127.29 | 161.22 | OK | |
r-devel-linux-x86_64-fedora-clang | 5.0.2 | 420.91 | OK | |||
r-devel-linux-x86_64-fedora-gcc | 5.0.2 | 406.48 | OK | |||
r-devel-windows-x86_64 | 5.0.2 | 55.00 | 252.00 | 307.00 | OK | |
r-patched-linux-x86_64 | 5.0.2 | 49.91 | 174.03 | 223.94 | NOTE | |
r-release-linux-x86_64 | 5.0.2 | 47.38 | 174.03 | 221.41 | NOTE | |
r-release-macos-arm64 | 5.0.2 | 89.00 | NOTE | |||
r-release-macos-x86_64 | 5.0.2 | 137.00 | NOTE | |||
r-release-windows-x86_64 | 5.0.2 | 52.00 | 244.00 | 296.00 | NOTE | |
r-oldrel-macos-arm64 | 5.0.2 | 88.00 | NOTE | |||
r-oldrel-macos-x86_64 | 5.0.2 | 267.00 | NOTE | |||
r-oldrel-windows-x86_64 | 5.0.2 | 62.00 | 312.00 | 374.00 | NOTE |
Version: 5.0.2
Check: package dependencies
Result: NOTE
Package suggested but not available for checking: ‘BPCells’
Flavors: r-patched-linux-x86_64, r-release-linux-x86_64, r-release-macos-arm64, r-release-macos-x86_64, r-release-windows-x86_64, r-oldrel-windows-x86_64
Version: 5.0.2
Check: package dependencies
Result: NOTE
Packages suggested but not available for checking: 'HDF5Array', 'BPCells'
Flavors: r-oldrel-macos-arm64, r-oldrel-macos-x86_64