CRAN Package Check Results for Package ShapleyValue

Last updated on 2025-01-19 05:49:20 CET.

Flavor Version Tinstall Tcheck Ttotal Status Flags
r-devel-linux-x86_64-debian-clang 0.2.0 2.13 24.14 26.27 OK
r-devel-linux-x86_64-debian-gcc 0.2.0 1.61 18.75 20.36 OK
r-devel-linux-x86_64-fedora-clang 0.2.0 43.29 NOTE
r-devel-linux-x86_64-fedora-gcc 0.2.0 57.80 NOTE
r-devel-windows-x86_64 0.2.0 4.00 48.00 52.00 OK
r-patched-linux-x86_64 0.2.0 1.98 22.88 24.86 OK
r-release-linux-x86_64 0.2.0 2.02 22.77 24.79 OK
r-release-macos-arm64 0.2.0 23.00 OK
r-release-macos-x86_64 0.2.0 43.00 OK
r-release-windows-x86_64 0.2.0 4.00 47.00 51.00 OK
r-oldrel-macos-arm64 0.2.0 27.00 OK
r-oldrel-macos-x86_64 0.2.0 38.00 OK
r-oldrel-windows-x86_64 0.2.0 4.00 47.00 51.00 OK

Check Details

Version: 0.2.0
Check: dependencies in R code
Result: NOTE Namespaces in Imports field not imported from: ‘MASS’ ‘kableExtra’ ‘tidyverse’ All declared Imports should be used. Flavors: r-devel-linux-x86_64-fedora-clang, r-devel-linux-x86_64-fedora-gcc