CRAN Package Check Results for Package SherlockHolmes

Last updated on 2025-01-19 05:49:20 CET.

Flavor Version Tinstall Tcheck Ttotal Status Flags
r-devel-linux-x86_64-debian-clang 1.0.1 7.55 75.96 83.51 OK
r-devel-linux-x86_64-debian-gcc 1.0.1 5.58 53.48 59.06 OK
r-devel-linux-x86_64-fedora-clang 1.0.1 136.13 OK
r-devel-linux-x86_64-fedora-gcc 1.0.1 155.86 OK
r-devel-windows-x86_64 1.0.1 12.00 94.00 106.00 OK
r-patched-linux-x86_64 1.0.1 8.02 71.23 79.25 OK
r-release-linux-x86_64 1.0.1 6.72 71.18 77.90 OK
r-release-macos-arm64 1.0.1 47.00 NOTE
r-release-macos-x86_64 1.0.1 71.00 NOTE
r-release-windows-x86_64 1.0.1 12.00 93.00 105.00 NOTE
r-oldrel-macos-arm64 1.0.1 46.00 NOTE
r-oldrel-macos-x86_64 1.0.1 84.00 NOTE
r-oldrel-windows-x86_64 1.0.1 13.00 111.00 124.00 NOTE

Check Details

Version: 1.0.1
Check: installed package size
Result: NOTE installed size is 6.4Mb sub-directories of 1Mb or more: doc 1.7Mb extdata 4.2Mb Flavors: r-release-macos-arm64, r-release-macos-x86_64, r-release-windows-x86_64, r-oldrel-macos-arm64, r-oldrel-macos-x86_64, r-oldrel-windows-x86_64