CRAN Package Check Results for Package ShrinkCovMat

Last updated on 2025-01-19 05:49:20 CET.

Flavor Version Tinstall Tcheck Ttotal Status Flags
r-devel-linux-x86_64-debian-clang 1.4.0 21.05 29.91 50.96 NOTE
r-devel-linux-x86_64-debian-gcc 1.4.0 13.05 22.55 35.60 NOTE
r-devel-linux-x86_64-fedora-clang 1.4.0 89.55 NOTE
r-devel-linux-x86_64-fedora-gcc 1.4.0 92.32 NOTE
r-devel-windows-x86_64 1.4.0 24.00 67.00 91.00 NOTE
r-patched-linux-x86_64 1.4.0 19.44 26.74 46.18 NOTE
r-release-linux-x86_64 1.4.0 19.34 26.89 46.23 NOTE
r-release-macos-arm64 1.4.0 28.00 NOTE
r-release-macos-x86_64 1.4.0 49.00 NOTE
r-release-windows-x86_64 1.4.0 22.00 68.00 90.00 NOTE
r-oldrel-macos-arm64 1.4.0 28.00 NOTE
r-oldrel-macos-x86_64 1.4.0 44.00 NOTE
r-oldrel-windows-x86_64 1.4.0 24.00 78.00 102.00 NOTE

Check Details

Version: 1.4.0
Check: C++ specification
Result: NOTE Specified C++11: please drop specification unless essential Flavors: r-devel-linux-x86_64-debian-clang, r-devel-linux-x86_64-debian-gcc, r-devel-linux-x86_64-fedora-clang, r-devel-linux-x86_64-fedora-gcc, r-devel-windows-x86_64, r-patched-linux-x86_64, r-release-linux-x86_64, r-release-macos-arm64, r-release-macos-x86_64, r-release-windows-x86_64, r-oldrel-macos-arm64, r-oldrel-macos-x86_64, r-oldrel-windows-x86_64