Last updated on 2024-04-25 18:49:42 CEST.
Flavor | Version | Tinstall | Tcheck | Ttotal | Status | Flags |
---|---|---|---|---|---|---|
r-devel-linux-x86_64-debian-clang | 1.13.0 | 95.59 | 429.84 | 525.43 | NOTE | |
r-devel-linux-x86_64-debian-gcc | 1.13.0 | 76.22 | 314.86 | 391.08 | OK | |
r-devel-linux-x86_64-fedora-clang | 1.13.0 | 711.48 | NOTE | |||
r-devel-linux-x86_64-fedora-gcc | 1.13.0 | 631.43 | OK | |||
r-devel-windows-x86_64 | 1.13.0 | 81.00 | 344.00 | 425.00 | OK | |
r-patched-linux-x86_64 | 1.13.0 | 81.24 | 407.42 | 488.66 | OK | |
r-release-linux-x86_64 | 1.13.0 | 64.75 | 420.51 | 485.26 | OK | |
r-release-macos-arm64 | 1.13.0 | 158.00 | NOTE | |||
r-release-macos-x86_64 | 1.13.0 | 456.00 | NOTE | |||
r-release-windows-x86_64 | 1.13.0 | 81.00 | 338.00 | 419.00 | OK | |
r-oldrel-macos-arm64 | 1.13.0 | 179.00 | NOTE | |||
r-oldrel-macos-x86_64 | 1.13.0 | 423.00 | NOTE | |||
r-oldrel-windows-x86_64 | 1.13.0 | 104.00 | 451.00 | 555.00 | OK |
Version: 1.13.0
Check: package dependencies
Result: NOTE
Packages suggested but not available for checking:
'chromVAR', 'TFBSTools', 'motifmatchr'
Flavors: r-devel-linux-x86_64-debian-clang, r-oldrel-macos-arm64, r-oldrel-macos-x86_64
Version: 1.13.0
Check: Rd cross-references
Result: NOTE
Unknown packages ‘motifmatchr’, ‘TFBSTools’, ‘chromVAR’ in Rd xrefs
Flavor: r-devel-linux-x86_64-debian-clang
Version: 1.13.0
Check: package dependencies
Result: NOTE
Imports includes 26 non-default packages.
Importing from so many packages makes the package vulnerable to any of
them becoming unavailable. Move as many as possible to Suggests and
use conditionally.
Flavor: r-devel-linux-x86_64-fedora-clang
Version: 1.13.0
Check: installed package size
Result: NOTE
installed size is 5.1Mb
sub-directories of 1Mb or more:
R 2.1Mb
libs 1.9Mb
Flavors: r-release-macos-arm64, r-release-macos-x86_64, r-oldrel-macos-x86_64
Version: 1.13.0
Check: Rd cross-references
Result: NOTE
Packages unavailable to check Rd xrefs: ‘motifmatchr’, ‘TFBSTools’, ‘chromVAR’
Flavors: r-oldrel-macos-arm64, r-oldrel-macos-x86_64