Last updated on 2025-01-19 05:49:20 CET.
Flavor | Version | Tinstall | Tcheck | Ttotal | Status | Flags |
---|---|---|---|---|---|---|
r-devel-linux-x86_64-debian-clang | 1.14.0 | 63.68 | 339.96 | 403.64 | OK | |
r-devel-linux-x86_64-debian-gcc | 1.14.0 | 43.26 | 232.85 | 276.11 | OK | |
r-devel-linux-x86_64-fedora-clang | 1.14.0 | 728.43 | OK | |||
r-devel-linux-x86_64-fedora-gcc | 1.14.0 | 688.96 | OK | |||
r-devel-windows-x86_64 | 1.14.0 | 69.00 | 335.00 | 404.00 | OK | |
r-patched-linux-x86_64 | 1.14.0 | 62.82 | 313.81 | 376.63 | OK | |
r-release-linux-x86_64 | 1.14.0 | 62.17 | 311.88 | 374.05 | OK | |
r-release-macos-arm64 | 1.14.0 | 171.00 | NOTE | |||
r-release-macos-x86_64 | 1.14.0 | 496.00 | NOTE | |||
r-release-windows-x86_64 | 1.14.0 | 67.00 | 329.00 | 396.00 | OK | |
r-oldrel-macos-arm64 | 1.14.0 | 175.00 | NOTE | |||
r-oldrel-macos-x86_64 | 1.14.0 | 330.00 | NOTE | |||
r-oldrel-windows-x86_64 | 1.14.0 | 74.00 | 445.00 | 519.00 | OK |
Version: 1.14.0
Check: installed package size
Result: NOTE
installed size is 5.1Mb
sub-directories of 1Mb or more:
R 2.1Mb
libs 1.9Mb
Flavors: r-release-macos-arm64, r-release-macos-x86_64, r-oldrel-macos-arm64, r-oldrel-macos-x86_64
Version: 1.14.0
Check: package dependencies
Result: NOTE
Packages suggested but not available for checking:
'chromVAR', 'TFBSTools', 'motifmatchr'
Flavors: r-oldrel-macos-arm64, r-oldrel-macos-x86_64
Version: 1.14.0
Check: Rd cross-references
Result: NOTE
Packages unavailable to check Rd xrefs: ‘motifmatchr’, ‘TFBSTools’, ‘chromVAR’
Flavors: r-oldrel-macos-arm64, r-oldrel-macos-x86_64