Last updated on 2025-01-19 05:49:20 CET.
Flavor | Version | Tinstall | Tcheck | Ttotal | Status | Flags |
---|---|---|---|---|---|---|
r-devel-linux-x86_64-debian-clang | 2.2.5 | 7.59 | 78.35 | 85.94 | OK | |
r-devel-linux-x86_64-debian-gcc | 2.2.5 | 5.99 | 60.73 | 66.72 | OK | |
r-devel-linux-x86_64-fedora-clang | 2.2.5 | 153.93 | OK | |||
r-devel-linux-x86_64-fedora-gcc | 2.2.5 | 165.04 | OK | |||
r-devel-windows-x86_64 | 2.2.5 | 10.00 | 95.00 | 105.00 | OK | |
r-patched-linux-x86_64 | 2.2.5 | 7.39 | 73.44 | 80.83 | OK | |
r-release-linux-x86_64 | 2.2.5 | 6.83 | 74.68 | 81.51 | OK | |
r-release-macos-arm64 | 2.2.5 | 53.00 | OK | |||
r-release-macos-x86_64 | 2.2.5 | 80.00 | OK | |||
r-release-windows-x86_64 | 2.2.5 | 10.00 | 97.00 | 107.00 | OK | |
r-oldrel-macos-arm64 | 2.2.5 | 58.00 | NOTE | |||
r-oldrel-macos-x86_64 | 2.2.5 | 86.00 | NOTE | |||
r-oldrel-windows-x86_64 | 2.2.5 | 12.00 | 113.00 | 125.00 | OK |
Version: 2.2.5
Check: package dependencies
Result: NOTE
Package suggested but not available for checking: ‘rhdf5’
Flavors: r-oldrel-macos-arm64, r-oldrel-macos-x86_64