CRAN Package Check Results for Package SimComp

Last updated on 2025-01-19 05:49:21 CET.

Flavor Version Tinstall Tcheck Ttotal Status Flags
r-devel-linux-x86_64-debian-clang 3.3 10.00 80.59 90.59 NOTE
r-devel-linux-x86_64-debian-gcc 3.3 6.52 58.98 65.50 NOTE
r-devel-linux-x86_64-fedora-clang 3.3 143.28 OK
r-devel-linux-x86_64-fedora-gcc 3.3 140.25 OK
r-devel-windows-x86_64 3.3 10.00 98.00 108.00 NOTE
r-patched-linux-x86_64 3.3 12.29 75.99 88.28 OK
r-release-linux-x86_64 3.3 8.04 76.03 84.07 OK
r-release-macos-arm64 3.3 43.00 OK
r-release-macos-x86_64 3.3 62.00 OK
r-release-windows-x86_64 3.3 11.00 98.00 109.00 OK
r-oldrel-macos-arm64 3.3 49.00 OK
r-oldrel-macos-x86_64 3.3 75.00 OK
r-oldrel-windows-x86_64 3.3 11.00 119.00 130.00 OK

Check Details

Version: 3.3
Check: Rd cross-references
Result: NOTE Found the following Rd file(s) with Rd \link{} targets missing package anchors: ermvnorm.Rd: rmvnorm Please provide package anchors for all Rd \link{} targets not in the package itself and the base packages. Flavors: r-devel-linux-x86_64-debian-clang, r-devel-linux-x86_64-debian-gcc, r-devel-windows-x86_64