CRAN Package Check Results for Package SimCorrMix

Last updated on 2025-01-19 05:49:21 CET.

Flavor Version Tinstall Tcheck Ttotal Status Flags
r-devel-linux-x86_64-debian-clang 0.1.1 18.13 198.34 216.47 OK
r-devel-linux-x86_64-debian-gcc 0.1.1 11.35 130.43 141.78 OK
r-devel-linux-x86_64-fedora-clang 0.1.1 342.97 NOTE
r-devel-linux-x86_64-fedora-gcc 0.1.1 349.59 NOTE
r-devel-windows-x86_64 0.1.1 19.00 177.00 196.00 OK
r-patched-linux-x86_64 0.1.1 17.06 185.20 202.26 NOTE
r-release-linux-x86_64 0.1.1 17.11 184.64 201.75 NOTE
r-release-macos-arm64 0.1.1 90.00 NOTE
r-release-macos-x86_64 0.1.1 146.00 NOTE
r-release-windows-x86_64 0.1.1 18.00 179.00 197.00 NOTE
r-oldrel-macos-arm64 0.1.1 98.00 NOTE
r-oldrel-macos-x86_64 0.1.1 161.00 NOTE
r-oldrel-windows-x86_64 0.1.1 21.00 235.00 256.00 NOTE

Check Details

Version: 0.1.1
Check: dependencies in R code
Result: NOTE Namespaces in Imports field not imported from: ‘MASS’ ‘grid’ All declared Imports should be used. Flavors: r-devel-linux-x86_64-fedora-clang, r-devel-linux-x86_64-fedora-gcc

Version: 0.1.1
Check: LazyData
Result: NOTE 'LazyData' is specified without a 'data' directory Flavors: r-patched-linux-x86_64, r-release-linux-x86_64, r-release-macos-arm64, r-release-macos-x86_64, r-release-windows-x86_64, r-oldrel-macos-arm64, r-oldrel-macos-x86_64, r-oldrel-windows-x86_64