Last updated on 2024-04-24 19:55:24 CEST.
Flavor | Version | Tinstall | Tcheck | Ttotal | Status | Flags |
---|---|---|---|---|---|---|
r-devel-linux-x86_64-debian-clang | 9.6.0 | 30.90 | 263.37 | 294.27 | OK | |
r-devel-linux-x86_64-debian-gcc | 9.6.0 | 23.51 | 202.41 | 225.92 | OK | |
r-devel-linux-x86_64-fedora-clang | 9.7.0 | 409.23 | OK | |||
r-devel-linux-x86_64-fedora-gcc | 9.7.0 | 391.59 | OK | |||
r-devel-windows-x86_64 | 9.6.0 | 31.00 | 268.00 | 299.00 | OK | |
r-patched-linux-x86_64 | 9.6.0 | 28.25 | 256.52 | 284.77 | OK | |
r-release-linux-x86_64 | 9.6.0 | 26.37 | 257.82 | 284.19 | OK | |
r-release-macos-arm64 | 9.6.0 | 146.00 | NOTE | |||
r-release-macos-x86_64 | 9.7.0 | 358.00 | NOTE | |||
r-release-windows-x86_64 | 9.6.0 | 30.00 | 262.00 | 292.00 | OK | |
r-oldrel-macos-arm64 | 9.6.0 | 136.00 | NOTE | |||
r-oldrel-macos-x86_64 | 9.7.0 | 308.00 | NOTE | |||
r-oldrel-windows-x86_64 | 9.6.0 | 39.00 | 325.00 | 364.00 | OK |
Version: 9.6.0
Check: installed package size
Result: NOTE
installed size is 7.3Mb
sub-directories of 1Mb or more:
data 2.9Mb
libs 2.7Mb
Flavors: r-release-macos-arm64, r-oldrel-macos-arm64
Version: 9.7.0
Check: installed package size
Result: NOTE
installed size is 8.2Mb
sub-directories of 1Mb or more:
data 2.8Mb
doc 1.0Mb
libs 3.2Mb
Flavors: r-release-macos-x86_64, r-oldrel-macos-x86_64