Last updated on 2025-01-19 05:49:21 CET.
Flavor | Version | Tinstall | Tcheck | Ttotal | Status | Flags |
---|---|---|---|---|---|---|
r-devel-linux-x86_64-debian-clang | 0.3.12 | 55.77 | 35.89 | 91.66 | OK | |
r-devel-linux-x86_64-debian-gcc | 0.3.12 | 38.18 | 29.99 | 68.17 | OK | |
r-devel-linux-x86_64-fedora-clang | 0.3.12 | 164.25 | OK | |||
r-devel-linux-x86_64-fedora-gcc | 0.3.12 | 193.56 | OK | |||
r-devel-windows-x86_64 | 0.3.12 | 53.00 | 78.00 | 131.00 | OK | |
r-patched-linux-x86_64 | 0.3.12 | 53.79 | 34.65 | 88.44 | NOTE | |
r-release-linux-x86_64 | 0.3.12 | 53.91 | 34.23 | 88.14 | NOTE | |
r-release-macos-arm64 | 0.3.12 | 47.00 | NOTE | |||
r-release-macos-x86_64 | 0.3.12 | 74.00 | NOTE | |||
r-release-windows-x86_64 | 0.3.12 | 53.00 | 76.00 | 129.00 | NOTE | |
r-oldrel-macos-arm64 | 0.3.12 | 62.00 | NOTE | |||
r-oldrel-macos-x86_64 | 0.3.12 | 128.00 | NOTE | |||
r-oldrel-windows-x86_64 | 0.3.12 | 59.00 | 86.00 | 145.00 | NOTE |
Version: 0.3.12
Check: for GNU extensions in Makefiles
Result: NOTE
GNU make is a SystemRequirements.
Flavors: r-patched-linux-x86_64, r-release-linux-x86_64, r-release-macos-arm64, r-release-macos-x86_64, r-release-windows-x86_64, r-oldrel-macos-arm64, r-oldrel-macos-x86_64, r-oldrel-windows-x86_64
Version: 0.3.12
Check: installed package size
Result: NOTE
installed size is 5.8Mb
sub-directories of 1Mb or more:
libs 5.5Mb
Flavors: r-release-macos-arm64, r-release-macos-x86_64, r-oldrel-macos-arm64, r-oldrel-macos-x86_64