Last updated on 2024-03-28 14:48:42 CET.
Flavor | Version | Tinstall | Tcheck | Ttotal | Status | Flags |
---|---|---|---|---|---|---|
r-devel-linux-x86_64-debian-clang | 0.2.2 | 31.38 | 448.79 | 480.17 | OK | |
r-devel-linux-x86_64-debian-gcc | 0.2.2 | 24.24 | 328.27 | 352.51 | OK | |
r-devel-linux-x86_64-fedora-clang | 0.2.2 | 632.31 | NOTE | |||
r-devel-linux-x86_64-fedora-gcc | 0.2.2 | 612.14 | OK | |||
r-devel-windows-x86_64 | 0.2.2 | 27.00 | 329.00 | 356.00 | OK | |
r-patched-linux-x86_64 | 0.2.2 | 30.02 | 433.93 | 463.95 | OK | |
r-release-linux-x86_64 | 0.2.2 | 27.77 | 447.08 | 474.85 | OK | |
r-release-macos-arm64 | 0.2.2 | 190.00 | OK | |||
r-release-macos-x86_64 | 0.2.2 | 288.00 | OK | |||
r-release-windows-x86_64 | 0.2.2 | 37.00 | 422.00 | 459.00 | OK | |
r-oldrel-macos-arm64 | 0.2.2 | 143.00 | OK | |||
r-oldrel-windows-x86_64 | 0.2.2 | 37.00 | 405.00 | 442.00 | OK |
Version: 0.2.2
Check: Rd cross-references
Result: NOTE
Undeclared packages ‘BinNonNor’, ‘PoisNor’, ‘PoisBinOrdNor’, ‘PoisBinOrdNonNor’ in Rd xrefs
Flavor: r-devel-linux-x86_64-fedora-clang