Last updated on 2024-05-01 16:53:11 CEST.
Flavor | Version | Tinstall | Tcheck | Ttotal | Status | Flags |
---|---|---|---|---|---|---|
r-devel-linux-x86_64-debian-clang | 0.1.6 | 13.07 | 109.14 | 122.21 | NOTE | |
r-devel-linux-x86_64-debian-gcc | 0.1.6 | 10.03 | 80.56 | 90.59 | NOTE | |
r-devel-linux-x86_64-fedora-clang | 0.1.6 | 153.28 | OK | |||
r-devel-linux-x86_64-fedora-gcc | 0.1.6 | 164.62 | OK | |||
r-devel-windows-x86_64 | 0.1.6 | 13.00 | 98.00 | 111.00 | OK | |
r-patched-linux-x86_64 | 0.1.6 | 10.86 | 106.23 | 117.09 | NOTE | |
r-release-linux-x86_64 | 0.1.6 | 7.80 | 105.01 | 112.81 | NOTE | |
r-release-macos-arm64 | 0.1.6 | 51.00 | NOTE | |||
r-release-windows-x86_64 | 0.1.6 | 13.00 | 100.00 | 113.00 | OK | |
r-oldrel-macos-arm64 | 0.1.6 | 49.00 | NOTE | |||
r-oldrel-macos-x86_64 | 0.1.6 | 110.00 | NOTE | |||
r-oldrel-windows-x86_64 | 0.1.6 | 17.00 | 116.00 | 133.00 | NOTE |
Version: 0.1.6
Check: package dependencies
Result: NOTE
Package suggested but not available for checking: ‘INLA’
Flavors: r-devel-linux-x86_64-debian-clang, r-devel-linux-x86_64-debian-gcc, r-patched-linux-x86_64, r-release-linux-x86_64, r-release-macos-arm64, r-oldrel-macos-arm64, r-oldrel-macos-x86_64, r-oldrel-windows-x86_64