Last updated on 2024-04-17 13:57:44 CEST.
Flavor | Version | Tinstall | Tcheck | Ttotal | Status | Flags |
---|---|---|---|---|---|---|
r-devel-linux-x86_64-debian-clang | 2.0-7 | 4.65 | 279.15 | 283.80 | OK | |
r-devel-linux-x86_64-debian-gcc | 2.0-7 | 3.35 | 207.42 | 210.77 | OK | |
r-devel-linux-x86_64-fedora-clang | 2.0-7 | 356.36 | NOTE | |||
r-devel-linux-x86_64-fedora-gcc | 2.0-7 | 362.33 | OK | |||
r-prerel-macos-arm64 | 2.0-7 | 114.00 | NOTE | |||
r-prerel-macos-x86_64 | 2.0-7 | 370.00 | NOTE | |||
r-prerel-windows-x86_64 | 2.0-7 | 6.00 | 385.00 | 391.00 | NOTE | |
r-patched-linux-x86_64 | 2.0-7 | 8.78 | 268.02 | 276.80 | OK | |
r-release-linux-x86_64 | 2.0-7 | 4.97 | 268.33 | 273.30 | OK | |
r-release-macos-arm64 | 2.0-7 | 128.00 | NOTE | |||
r-release-macos-x86_64 | 2.0-7 | 375.00 | NOTE | |||
r-release-windows-x86_64 | 2.0-7 | 6.00 | 405.00 | 411.00 | NOTE | |
r-oldrel-macos-arm64 | 2.0-7 | 120.00 | NOTE | |||
r-oldrel-windows-x86_64 | 2.0-7 | 9.00 | 408.00 | 417.00 | NOTE |
Version: 2.0-7
Check: installed package size
Result: NOTE
installed size is 5.1Mb
sub-directories of 1Mb or more:
doc 4.4Mb
Flavors: r-devel-linux-x86_64-fedora-clang, r-prerel-macos-arm64, r-prerel-macos-x86_64, r-prerel-windows-x86_64, r-release-macos-arm64, r-release-macos-x86_64, r-release-windows-x86_64, r-oldrel-macos-arm64, r-oldrel-windows-x86_64