Last updated on 2025-01-19 05:49:21 CET.
Flavor | Version | Tinstall | Tcheck | Ttotal | Status | Flags |
---|---|---|---|---|---|---|
r-devel-linux-x86_64-debian-clang | 1.0.1 | 41.49 | 116.16 | 157.65 | OK | |
r-devel-linux-x86_64-debian-gcc | 1.0.1 | 35.28 | 82.24 | 117.52 | OK | |
r-devel-linux-x86_64-fedora-clang | 1.0.1 | 263.91 | OK | |||
r-devel-linux-x86_64-fedora-gcc | 1.0.1 | 287.09 | OK | |||
r-devel-windows-x86_64 | 1.0.1 | 44.00 | 151.00 | 195.00 | OK | |
r-patched-linux-x86_64 | 1.0.1 | 36.92 | 106.07 | 142.99 | OK | |
r-release-linux-x86_64 | 1.0.1 | 42.02 | 105.25 | 147.27 | OK | |
r-release-macos-arm64 | 1.0.1 | 70.00 | NOTE | |||
r-release-macos-x86_64 | 1.0.1 | 110.00 | NOTE | |||
r-release-windows-x86_64 | 1.0.1 | 41.00 | 145.00 | 186.00 | OK | |
r-oldrel-macos-arm64 | 1.0.1 | 86.00 | NOTE | |||
r-oldrel-macos-x86_64 | 1.0.1 | 132.00 | NOTE | |||
r-oldrel-windows-x86_64 | 1.0.1 | 55.00 | 181.00 | 236.00 | OK |
Version: 1.0.1
Check: installed package size
Result: NOTE
installed size is 5.3Mb
sub-directories of 1Mb or more:
libs 4.4Mb
Flavors: r-release-macos-arm64, r-release-macos-x86_64, r-oldrel-macos-arm64, r-oldrel-macos-x86_64