Last updated on 2024-05-01 16:53:11 CEST.
Flavor | Version | Tinstall | Tcheck | Ttotal | Status | Flags |
---|---|---|---|---|---|---|
r-devel-linux-x86_64-debian-clang | 1.0.1 | 63.09 | 147.65 | 210.74 | OK | |
r-devel-linux-x86_64-debian-gcc | 1.0.1 | 42.56 | 108.98 | 151.54 | OK | |
r-devel-linux-x86_64-fedora-clang | 1.0.1 | 273.07 | OK | |||
r-devel-linux-x86_64-fedora-gcc | 1.0.1 | 285.35 | OK | |||
r-devel-windows-x86_64 | 1.0.1 | 49.00 | 148.00 | 197.00 | OK | |
r-patched-linux-x86_64 | 1.0.1 | 44.65 | 139.02 | 183.67 | OK | |
r-release-linux-x86_64 | 1.0.1 | 44.63 | 143.75 | 188.38 | OK | |
r-release-macos-arm64 | 1.0.1 | 70.00 | NOTE | |||
r-release-windows-x86_64 | 1.0.1 | 48.00 | 148.00 | 196.00 | OK | |
r-oldrel-macos-arm64 | 1.0.1 | 86.00 | NOTE | |||
r-oldrel-macos-x86_64 | 1.0.1 | 132.00 | NOTE | |||
r-oldrel-windows-x86_64 | 1.0.1 | 63.00 | 183.00 | 246.00 | OK |
Version: 1.0.1
Check: installed package size
Result: NOTE
installed size is 5.3Mb
sub-directories of 1Mb or more:
libs 4.4Mb
Flavors: r-release-macos-arm64, r-oldrel-macos-arm64, r-oldrel-macos-x86_64