Last updated on 2025-01-19 05:49:22 CET.
Flavor | Version | Tinstall | Tcheck | Ttotal | Status | Flags |
---|---|---|---|---|---|---|
r-devel-linux-x86_64-debian-clang | 1.6.2 | 70.77 | 273.36 | 344.13 | OK | |
r-devel-linux-x86_64-debian-gcc | 1.6.2 | 51.05 | 191.00 | 242.05 | OK | |
r-devel-linux-x86_64-fedora-clang | 1.6.2 | 612.48 | OK | |||
r-devel-linux-x86_64-fedora-gcc | 1.6.2 | 590.73 | OK | |||
r-devel-windows-x86_64 | 1.6.2 | 68.00 | 242.00 | 310.00 | OK | |
r-patched-linux-x86_64 | 1.6.2 | 74.65 | 257.29 | 331.94 | OK | |
r-release-linux-x86_64 | 1.6.2 | 71.18 | 255.61 | 326.79 | OK | |
r-release-macos-arm64 | 1.6.2 | 161.00 | NOTE | |||
r-release-macos-x86_64 | 1.6.2 | 236.00 | NOTE | |||
r-release-windows-x86_64 | 1.6.2 | 64.00 | 241.00 | 305.00 | NOTE | |
r-oldrel-macos-arm64 | 1.6.2 | 161.00 | NOTE | |||
r-oldrel-macos-x86_64 | 1.6.2 | 253.00 | NOTE | |||
r-oldrel-windows-x86_64 | 1.6.2 | 88.00 | 328.00 | 416.00 | NOTE |
Version: 1.6.2
Check: package dependencies
Result: NOTE
Package suggested but not available for checking: ‘DropletUtils’
Flavors: r-release-macos-arm64, r-oldrel-macos-arm64, r-oldrel-macos-x86_64
Version: 1.6.2
Check: installed package size
Result: NOTE
installed size is 6.7Mb
sub-directories of 1Mb or more:
data 4.9Mb
doc 1.0Mb
Flavors: r-release-macos-arm64, r-release-macos-x86_64, r-release-windows-x86_64, r-oldrel-macos-arm64, r-oldrel-macos-x86_64, r-oldrel-windows-x86_64