Last updated on 2024-04-17 13:57:44 CEST.
Flavor | Version | Tinstall | Tcheck | Ttotal | Status | Flags |
---|---|---|---|---|---|---|
r-devel-linux-x86_64-debian-clang | 1.6.2 | 81.11 | 347.05 | 428.16 | OK | |
r-devel-linux-x86_64-debian-gcc | 1.6.2 | 64.84 | 258.47 | 323.31 | OK | |
r-devel-linux-x86_64-fedora-clang | 1.6.2 | 579.87 | NOTE | |||
r-devel-linux-x86_64-fedora-gcc | 1.6.2 | 567.55 | OK | |||
r-prerel-macos-arm64 | 1.6.2 | 161.00 | NOTE | |||
r-prerel-windows-x86_64 | 1.6.2 | 68.00 | 311.00 | 379.00 | NOTE | |
r-patched-linux-x86_64 | 1.6.2 | 75.77 | 333.13 | 408.90 | OK | |
r-release-linux-x86_64 | 1.6.2 | 54.45 | 333.91 | 388.36 | OK | |
r-release-macos-arm64 | 1.6.2 | 161.00 | NOTE | |||
r-release-macos-x86_64 | 1.6.2 | 253.00 | NOTE | |||
r-release-windows-x86_64 | 1.6.2 | 94.00 | 601.00 | 695.00 | NOTE | |
r-oldrel-macos-arm64 | 1.6.2 | 193.00 | NOTE | |||
r-oldrel-windows-x86_64 | 1.6.2 | 97.00 | 600.00 | 697.00 | NOTE |
Version: 1.6.2
Check: installed package size
Result: NOTE
installed size is 5.8Mb
sub-directories of 1Mb or more:
data 3.9Mb
doc 1.0Mb
Flavors: r-devel-linux-x86_64-fedora-clang, r-prerel-macos-arm64, r-prerel-windows-x86_64, r-release-macos-arm64, r-release-macos-x86_64, r-release-windows-x86_64, r-oldrel-macos-arm64, r-oldrel-windows-x86_64
Version: 1.6.2
Check: package dependencies
Result: NOTE
Package suggested but not available for checking: ‘DropletUtils’
Flavors: r-prerel-macos-arm64, r-release-macos-arm64, r-release-macos-x86_64, r-oldrel-macos-arm64