Last updated on 2025-01-19 05:49:22 CET.
Flavor | Version | Tinstall | Tcheck | Ttotal | Status | Flags |
---|---|---|---|---|---|---|
r-devel-linux-x86_64-debian-clang | 1.6.2 | 37.11 | 81.65 | 118.76 | OK | |
r-devel-linux-x86_64-debian-gcc | 1.6.2 | 28.94 | 61.32 | 90.26 | OK | |
r-devel-linux-x86_64-fedora-clang | 1.6.2 | 197.46 | NOTE | |||
r-devel-linux-x86_64-fedora-gcc | 1.6.2 | 216.95 | NOTE | |||
r-devel-windows-x86_64 | 1.6.2 | 40.00 | 108.00 | 148.00 | OK | |
r-patched-linux-x86_64 | 1.6.2 | 39.50 | 78.51 | 118.01 | OK | |
r-release-linux-x86_64 | 1.6.2 | 38.49 | 80.21 | 118.70 | OK | |
r-release-macos-arm64 | 1.6.2 | 57.00 | NOTE | |||
r-release-macos-x86_64 | 1.6.2 | 86.00 | NOTE | |||
r-release-windows-x86_64 | 1.6.2 | 41.00 | 104.00 | 145.00 | NOTE | |
r-oldrel-macos-arm64 | 1.6.2 | 66.00 | NOTE | |||
r-oldrel-macos-x86_64 | 1.6.2 | 98.00 | NOTE | |||
r-oldrel-windows-x86_64 | 1.6.2 | 45.00 | 132.00 | 177.00 | NOTE |
Version: 1.6.2
Check: dependencies in R code
Result: NOTE
Namespace in Imports field not imported from: ‘RcppEigen’
All declared Imports should be used.
Flavors: r-devel-linux-x86_64-fedora-clang, r-devel-linux-x86_64-fedora-gcc
Version: 1.6.2
Check: installed package size
Result: NOTE
installed size is 19.1Mb
sub-directories of 1Mb or more:
data 4.7Mb
libs 14.3Mb
Flavors: r-release-macos-arm64, r-release-macos-x86_64, r-release-windows-x86_64, r-oldrel-macos-arm64, r-oldrel-macos-x86_64, r-oldrel-windows-x86_64