Last updated on 2025-01-19 05:49:22 CET.
Flavor | Version | Tinstall | Tcheck | Ttotal | Status | Flags |
---|---|---|---|---|---|---|
r-devel-linux-x86_64-debian-clang | 1.2 | 39.69 | 66.45 | 106.14 | OK | |
r-devel-linux-x86_64-debian-gcc | 1.2 | 31.53 | 50.68 | 82.21 | OK | |
r-devel-linux-x86_64-fedora-clang | 1.2 | 180.56 | OK | |||
r-devel-linux-x86_64-fedora-gcc | 1.2 | 217.47 | OK | |||
r-devel-windows-x86_64 | 1.2 | 42.00 | 101.00 | 143.00 | OK | |
r-patched-linux-x86_64 | 1.2 | 43.49 | 62.22 | 105.71 | OK | |
r-release-linux-x86_64 | 1.2 | 42.60 | 61.66 | 104.26 | OK | |
r-release-macos-arm64 | 1.2 | 67.00 | NOTE | |||
r-release-macos-x86_64 | 1.2 | 87.00 | NOTE | |||
r-release-windows-x86_64 | 1.2 | 43.00 | 94.00 | 137.00 | OK | |
r-oldrel-macos-arm64 | 1.2 | 103.00 | NOTE | |||
r-oldrel-macos-x86_64 | 1.2 | 156.00 | NOTE | |||
r-oldrel-windows-x86_64 | 1.2 | 46.00 | 122.00 | 168.00 | OK |
Version: 1.2
Check: installed package size
Result: NOTE
installed size is 5.6Mb
sub-directories of 1Mb or more:
libs 5.3Mb
Flavors: r-release-macos-arm64, r-release-macos-x86_64, r-oldrel-macos-arm64, r-oldrel-macos-x86_64