Last updated on 2025-01-19 05:49:22 CET.
Flavor | Version | Tinstall | Tcheck | Ttotal | Status | Flags |
---|---|---|---|---|---|---|
r-devel-linux-x86_64-debian-clang | 0.8.2 | 2.03 | 39.96 | 41.99 | NOTE | |
r-devel-linux-x86_64-debian-gcc | 0.8.2 | 1.77 | 29.38 | 31.15 | NOTE | |
r-devel-linux-x86_64-fedora-clang | 0.8.2 | 75.04 | NOTE | |||
r-devel-linux-x86_64-fedora-gcc | 0.8.2 | 86.26 | NOTE | |||
r-devel-windows-x86_64 | 0.8.2 | 3.00 | 76.00 | 79.00 | NOTE | |
r-patched-linux-x86_64 | 0.8.2 | 2.34 | 37.89 | 40.23 | NOTE | |
r-release-linux-x86_64 | 0.8.2 | 2.19 | 38.12 | 40.31 | NOTE | |
r-release-macos-arm64 | 0.8.2 | 30.00 | NOTE | |||
r-release-macos-x86_64 | 0.8.2 | 75.00 | NOTE | |||
r-release-windows-x86_64 | 0.8.2 | 4.00 | 73.00 | 77.00 | NOTE | |
r-oldrel-macos-arm64 | 0.8.2 | 35.00 | NOTE | |||
r-oldrel-macos-x86_64 | 0.8.2 | 55.00 | NOTE | |||
r-oldrel-windows-x86_64 | 0.8.2 | 4.00 | 74.00 | 78.00 | NOTE |
Version: 0.8.2
Check: DESCRIPTION meta-information
Result: NOTE
Malformed Description field: should contain one or more complete sentences.
Flavors: r-devel-linux-x86_64-debian-clang, r-devel-linux-x86_64-debian-gcc, r-devel-linux-x86_64-fedora-clang, r-devel-linux-x86_64-fedora-gcc, r-devel-windows-x86_64, r-patched-linux-x86_64, r-release-linux-x86_64, r-release-macos-arm64, r-release-macos-x86_64, r-release-windows-x86_64, r-oldrel-macos-arm64, r-oldrel-macos-x86_64, r-oldrel-windows-x86_64