CRAN Package Check Results for Package SparseMDC

Last updated on 2025-01-19 05:49:22 CET.

Flavor Version Tinstall Tcheck Ttotal Status Flags
r-devel-linux-x86_64-debian-clang 0.99.5 4.54 79.19 83.73 NOTE
r-devel-linux-x86_64-debian-gcc 0.99.5 3.53 66.95 70.48 NOTE
r-devel-linux-x86_64-fedora-clang 0.99.5 139.38 NOTE
r-devel-linux-x86_64-fedora-gcc 0.99.5 161.41 NOTE
r-devel-windows-x86_64 0.99.5 6.00 140.00 146.00 NOTE
r-patched-linux-x86_64 0.99.5 4.51 76.95 81.46 NOTE
r-release-linux-x86_64 0.99.5 4.05 76.81 80.86 NOTE
r-release-macos-arm64 0.99.5 58.00 NOTE
r-release-macos-x86_64 0.99.5 176.00 NOTE
r-release-windows-x86_64 0.99.5 5.00 138.00 143.00 NOTE
r-oldrel-macos-arm64 0.99.5 64.00 OK
r-oldrel-macos-x86_64 0.99.5 134.00 OK
r-oldrel-windows-x86_64 0.99.5 7.00 125.00 132.00 OK

Check Details

Version: 0.99.5
Check: Rd files
Result: NOTE checkRd: (-1) mu_calc.Rd:32: Lost braces; missing escapes or markup? 32 | mu_{d} | mu_{d} < mu_{d-1} and mu_{d} | mu_{d} > mu_{d-1} respecitively. | ^ checkRd: (-1) mu_calc.Rd:32: Lost braces; missing escapes or markup? 32 | mu_{d} | mu_{d} < mu_{d-1} and mu_{d} | mu_{d} > mu_{d-1} respecitively. | ^ checkRd: (-1) mu_calc.Rd:32: Lost braces; missing escapes or markup? 32 | mu_{d} | mu_{d} < mu_{d-1} and mu_{d} | mu_{d} > mu_{d-1} respecitively. | ^ checkRd: (-1) mu_calc.Rd:32: Lost braces; missing escapes or markup? 32 | mu_{d} | mu_{d} < mu_{d-1} and mu_{d} | mu_{d} > mu_{d-1} respecitively. | ^ checkRd: (-1) mu_calc.Rd:32: Lost braces; missing escapes or markup? 32 | mu_{d} | mu_{d} < mu_{d-1} and mu_{d} | mu_{d} > mu_{d-1} respecitively. | ^ checkRd: (-1) mu_calc.Rd:32: Lost braces; missing escapes or markup? 32 | mu_{d} | mu_{d} < mu_{d-1} and mu_{d} | mu_{d} > mu_{d-1} respecitively. | ^ Flavors: r-devel-linux-x86_64-debian-clang, r-devel-linux-x86_64-debian-gcc, r-devel-linux-x86_64-fedora-clang, r-devel-linux-x86_64-fedora-gcc, r-devel-windows-x86_64, r-patched-linux-x86_64, r-release-linux-x86_64, r-release-macos-arm64, r-release-macos-x86_64, r-release-windows-x86_64