Last updated on 2025-01-19 05:49:22 CET.
Flavor | Version | Tinstall | Tcheck | Ttotal | Status | Flags |
---|---|---|---|---|---|---|
r-devel-linux-x86_64-debian-clang | 1.0.4 | 39.82 | 61.72 | 101.54 | OK | |
r-devel-linux-x86_64-debian-gcc | 1.0.4 | 29.95 | 45.68 | 75.63 | OK | |
r-devel-linux-x86_64-fedora-clang | 1.0.4 | 181.10 | OK | |||
r-devel-linux-x86_64-fedora-gcc | 1.0.4 | 196.43 | OK | |||
r-devel-windows-x86_64 | 1.0.4 | 43.00 | 95.00 | 138.00 | OK | |
r-patched-linux-x86_64 | 1.0.4 | 42.42 | 56.43 | 98.85 | NOTE | |
r-release-linux-x86_64 | 1.0.4 | 44.62 | 55.48 | 100.10 | NOTE | |
r-release-macos-arm64 | 1.0.4 | 44.00 | NOTE | |||
r-release-macos-x86_64 | 1.0.4 | 79.00 | NOTE | |||
r-release-windows-x86_64 | 1.0.4 | 44.00 | 94.00 | 138.00 | NOTE | |
r-oldrel-macos-arm64 | 1.0.4 | 51.00 | NOTE | |||
r-oldrel-macos-x86_64 | 1.0.4 | 160.00 | NOTE | |||
r-oldrel-windows-x86_64 | 1.0.4 | 50.00 | 114.00 | 164.00 | NOTE |
Version: 1.0.4
Check: for GNU extensions in Makefiles
Result: NOTE
GNU make is a SystemRequirements.
Flavors: r-patched-linux-x86_64, r-release-linux-x86_64, r-release-macos-arm64, r-release-macos-x86_64, r-release-windows-x86_64, r-oldrel-macos-arm64, r-oldrel-macos-x86_64, r-oldrel-windows-x86_64