CRAN Package Check Results for Package SpatPCA

Last updated on 2025-01-19 05:49:22 CET.

Flavor Version Tinstall Tcheck Ttotal Status Flags
r-devel-linux-x86_64-debian-clang 1.3.5 33.18 94.20 127.38 OK
r-devel-linux-x86_64-debian-gcc 1.3.5 26.80 78.23 105.03 OK
r-devel-linux-x86_64-fedora-clang 1.3.5 221.56 OK
r-devel-linux-x86_64-fedora-gcc 1.3.5 261.98 OK
r-devel-windows-x86_64 1.3.5 40.00 111.00 151.00 OK
r-patched-linux-x86_64 1.3.5 35.71 96.31 132.02 NOTE
r-release-linux-x86_64 1.3.5 36.50 97.53 134.03 NOTE
r-release-macos-arm64 1.3.5 60.00 NOTE
r-release-macos-x86_64 1.3.5 97.00 NOTE
r-release-windows-x86_64 1.3.5 39.00 112.00 151.00 NOTE
r-oldrel-macos-arm64 1.3.5 60.00 NOTE
r-oldrel-macos-x86_64 1.3.5 128.00 NOTE
r-oldrel-windows-x86_64 1.3.5 46.00 132.00 178.00 NOTE

Check Details

Version: 1.3.5
Check: for GNU extensions in Makefiles
Result: NOTE GNU make is a SystemRequirements. Flavors: r-patched-linux-x86_64, r-release-linux-x86_64, r-release-macos-arm64, r-release-macos-x86_64, r-release-windows-x86_64, r-oldrel-macos-arm64, r-oldrel-macos-x86_64, r-oldrel-windows-x86_64

Version: 1.3.5
Check: installed package size
Result: NOTE installed size is 6.0Mb sub-directories of 1Mb or more: doc 1.8Mb libs 4.1Mb Flavors: r-release-macos-arm64, r-release-macos-x86_64, r-oldrel-macos-arm64, r-oldrel-macos-x86_64