CRAN Package Check Results for Package SpatialML

Last updated on 2025-01-19 05:49:22 CET.

Flavor Version Tinstall Tcheck Ttotal Status Flags
r-devel-linux-x86_64-debian-clang 0.1.7 13.42 94.97 108.39 NOTE
r-devel-linux-x86_64-debian-gcc 0.1.7 8.63 69.22 77.85 NOTE
r-devel-linux-x86_64-fedora-clang 0.1.7 172.37 OK
r-devel-linux-x86_64-fedora-gcc 0.1.7 174.47 OK
r-devel-windows-x86_64 0.1.7 12.00 103.00 115.00 NOTE
r-patched-linux-x86_64 0.1.7 18.60 87.75 106.35 OK
r-release-linux-x86_64 0.1.7 12.51 87.78 100.29 OK
r-release-macos-arm64 0.1.7 43.00 OK
r-release-macos-x86_64 0.1.7 68.00 OK
r-release-windows-x86_64 0.1.7 13.00 100.00 113.00 OK
r-oldrel-macos-arm64 0.1.7 57.00 OK
r-oldrel-macos-x86_64 0.1.7 130.00 OK
r-oldrel-windows-x86_64 0.1.7 18.00 126.00 144.00 OK

Check Details

Version: 0.1.7
Check: Rd cross-references
Result: NOTE Found the following Rd file(s) with Rd \link{} targets missing package anchors: grf.Rd: ranger grf.bw.Rd: ranger Please provide package anchors for all Rd \link{} targets not in the package itself and the base packages. Flavors: r-devel-linux-x86_64-debian-clang, r-devel-linux-x86_64-debian-gcc, r-devel-windows-x86_64