CRAN Package Check Results for Package SpatialPOP

Last updated on 2025-01-19 05:49:22 CET.

Flavor Version Tinstall Tcheck Ttotal Status Flags
r-devel-linux-x86_64-debian-clang 0.1.0 2.15 25.37 27.52 OK
r-devel-linux-x86_64-debian-gcc 0.1.0 1.66 21.02 22.68 OK
r-devel-linux-x86_64-fedora-clang 0.1.0 46.37 NOTE
r-devel-linux-x86_64-fedora-gcc 0.1.0 61.25 NOTE
r-devel-windows-x86_64 0.1.0 3.00 46.00 49.00 OK
r-patched-linux-x86_64 0.1.0 1.96 24.17 26.13 OK
r-release-linux-x86_64 0.1.0 2.07 24.58 26.65 OK
r-release-macos-arm64 0.1.0 26.00 OK
r-release-macos-x86_64 0.1.0 38.00 OK
r-release-windows-x86_64 0.1.0 3.00 46.00 49.00 OK
r-oldrel-macos-arm64 0.1.0 25.00 OK
r-oldrel-macos-x86_64 0.1.0 34.00 OK
r-oldrel-windows-x86_64 0.1.0 4.00 48.00 52.00 OK

Check Details

Version: 0.1.0
Check: dependencies in R code
Result: NOTE Namespace in Imports field not imported from: ‘MASS’ All declared Imports should be used. Flavors: r-devel-linux-x86_64-fedora-clang, r-devel-linux-x86_64-fedora-gcc