CRAN Package Check Results for Package SplitKnockoff

Last updated on 2025-01-19 05:49:22 CET.

Flavor Version Tinstall Tcheck Ttotal Status Flags
r-devel-linux-x86_64-debian-clang 2.1 6.70 62.88 69.58 OK
r-devel-linux-x86_64-debian-gcc 2.1 4.45 46.54 50.99 OK
r-devel-linux-x86_64-fedora-clang 2.1 115.15 NOTE
r-devel-linux-x86_64-fedora-gcc 2.1 132.66 NOTE
r-devel-windows-x86_64 2.1 9.00 78.00 87.00 OK
r-patched-linux-x86_64 2.1 6.81 59.59 66.40 OK
r-release-linux-x86_64 2.1 6.79 58.99 65.78 OK
r-release-macos-arm64 2.1 42.00 OK
r-release-macos-x86_64 2.1 71.00 OK
r-release-windows-x86_64 2.1 9.00 76.00 85.00 OK
r-oldrel-macos-arm64 2.1 46.00 OK
r-oldrel-macos-x86_64 2.1 74.00 OK
r-oldrel-windows-x86_64 2.1 10.00 91.00 101.00 OK

Check Details

Version: 2.1
Check: dependencies in R code
Result: NOTE Namespaces in Imports field not imported from: ‘Matrix’ ‘RSpectra’ ‘ggplot2’ ‘latex2exp’ ‘mvtnorm’ All declared Imports should be used. Flavors: r-devel-linux-x86_64-fedora-clang, r-devel-linux-x86_64-fedora-gcc