Last updated on 2025-01-19 05:49:22 CET.
Flavor | Version | Tinstall | Tcheck | Ttotal | Status | Flags |
---|---|---|---|---|---|---|
r-devel-linux-x86_64-debian-clang | 1.0.2 | 28.46 | 32.23 | 60.69 | NOTE | |
r-devel-linux-x86_64-debian-gcc | 1.0.2 | 21.22 | 24.78 | 46.00 | NOTE | |
r-devel-linux-x86_64-fedora-clang | 1.0.2 | 112.24 | NOTE | |||
r-devel-linux-x86_64-fedora-gcc | 1.0.2 | 120.55 | NOTE | |||
r-devel-windows-x86_64 | 1.0.2 | 39.00 | 69.00 | 108.00 | NOTE | |
r-patched-linux-x86_64 | 1.0.2 | 28.75 | 30.06 | 58.81 | OK | |
r-release-linux-x86_64 | 1.0.2 | 27.23 | 30.43 | 57.66 | OK | |
r-release-macos-arm64 | 1.0.2 | 37.00 | OK | |||
r-release-macos-x86_64 | 1.0.2 | 54.00 | OK | |||
r-release-windows-x86_64 | 1.0.2 | 37.00 | 70.00 | 107.00 | NOTE | |
r-oldrel-macos-arm64 | 1.0.2 | 39.00 | OK | |||
r-oldrel-macos-x86_64 | 1.0.2 | 62.00 | OK | |||
r-oldrel-windows-x86_64 | 1.0.2 | 43.00 | 81.00 | 124.00 | NOTE |
Version: 1.0.2
Check: top-level files
Result: NOTE
possible bashism in configure.ac line 36 (should be 'b = a'):
if test "$ac_cv_header_stdint_h" == yes; then
possible bashism in configure.ac line 50 (should be 'b = a'):
if test "$ac_cv_header_inttypes_h" == yes; then
Flavors: r-devel-linux-x86_64-debian-clang, r-devel-linux-x86_64-debian-gcc, r-devel-linux-x86_64-fedora-clang, r-devel-linux-x86_64-fedora-gcc
Version: 1.0.2
Check: C++ specification
Result: NOTE
Specified C++11: please drop specification unless essential
Flavors: r-devel-windows-x86_64, r-release-windows-x86_64, r-oldrel-windows-x86_64