Last updated on 2024-05-01 16:53:12 CEST.
Flavor | Version | Tinstall | Tcheck | Ttotal | Status | Flags |
---|---|---|---|---|---|---|
r-devel-linux-x86_64-debian-clang | 1.3.0 | 10.30 | 181.81 | 192.11 | OK | |
r-devel-linux-x86_64-debian-gcc | 1.3.0 | 9.03 | 135.09 | 144.12 | OK | |
r-devel-linux-x86_64-fedora-clang | 1.3.0 | 247.23 | NOTE | |||
r-devel-linux-x86_64-fedora-gcc | 1.3.0 | 258.38 | OK | |||
r-devel-windows-x86_64 | 1.3.0 | 13.00 | 126.00 | 139.00 | NOTE | |
r-patched-linux-x86_64 | 1.3.0 | 11.78 | 175.72 | 187.50 | OK | |
r-release-linux-x86_64 | 1.3.0 | 12.26 | 175.87 | 188.13 | OK | |
r-release-macos-arm64 | 1.3.0 | 60.00 | NOTE | |||
r-release-windows-x86_64 | 1.3.0 | 12.00 | 128.00 | 140.00 | NOTE | |
r-oldrel-macos-arm64 | 1.3.0 | 67.00 | NOTE | |||
r-oldrel-macos-x86_64 | 1.3.0 | 121.00 | NOTE | |||
r-oldrel-windows-x86_64 | 1.3.0 | 15.00 | 158.00 | 173.00 | NOTE |
Version: 1.3.0
Check: installed package size
Result: NOTE
installed size is 8.8Mb
sub-directories of 1Mb or more:
doc 8.2Mb
Flavors: r-devel-linux-x86_64-fedora-clang, r-devel-windows-x86_64, r-release-macos-arm64, r-release-windows-x86_64, r-oldrel-macos-arm64, r-oldrel-macos-x86_64, r-oldrel-windows-x86_64