Last updated on 2025-01-19 05:49:22 CET.
Flavor | Version | Tinstall | Tcheck | Ttotal | Status | Flags |
---|---|---|---|---|---|---|
r-devel-linux-x86_64-debian-clang | 1.1 | 22.23 | 22.53 | 44.76 | NOTE | |
r-devel-linux-x86_64-debian-gcc | 1.1 | 15.76 | 18.00 | 33.76 | NOTE | |
r-devel-linux-x86_64-fedora-clang | 1.1 | 81.35 | NOTE | |||
r-devel-linux-x86_64-fedora-gcc | 1.1 | 86.81 | NOTE | |||
r-devel-windows-x86_64 | 1.1 | 24.00 | 65.00 | 89.00 | NOTE | |
r-patched-linux-x86_64 | 1.1 | 23.09 | 21.54 | 44.63 | NOTE | |
r-release-linux-x86_64 | 1.1 | 21.87 | 21.76 | 43.63 | NOTE | |
r-release-macos-arm64 | 1.1 | 25.00 | NOTE | |||
r-release-macos-x86_64 | 1.1 | 37.00 | NOTE | |||
r-release-windows-x86_64 | 1.1 | 24.00 | 64.00 | 88.00 | NOTE | |
r-oldrel-macos-arm64 | 1.1 | 29.00 | NOTE | |||
r-oldrel-macos-x86_64 | 1.1 | 43.00 | NOTE | |||
r-oldrel-windows-x86_64 | 1.1 | 29.00 | 72.00 | 101.00 | NOTE |
Version: 1.1
Check: C++ specification
Result: NOTE
Specified C++11: please drop specification unless essential
Flavors: r-devel-linux-x86_64-debian-clang, r-devel-linux-x86_64-debian-gcc, r-devel-linux-x86_64-fedora-clang, r-devel-linux-x86_64-fedora-gcc, r-devel-windows-x86_64, r-patched-linux-x86_64, r-release-linux-x86_64, r-release-macos-arm64, r-release-macos-x86_64, r-release-windows-x86_64, r-oldrel-macos-arm64, r-oldrel-macos-x86_64, r-oldrel-windows-x86_64