Last updated on 2025-01-19 05:49:22 CET.
Flavor | Version | Tinstall | Tcheck | Ttotal | Status | Flags |
---|---|---|---|---|---|---|
r-devel-linux-x86_64-debian-clang | 1.1 | 10.64 | 84.07 | 94.71 | NOTE | |
r-devel-linux-x86_64-debian-gcc | 1.1 | 7.96 | 57.37 | 65.33 | NOTE | |
r-devel-linux-x86_64-fedora-clang | 1.1 | 152.37 | NOTE | |||
r-devel-linux-x86_64-fedora-gcc | 1.1 | 152.19 | NOTE | |||
r-devel-windows-x86_64 | 1.1 | 13.00 | 90.00 | 103.00 | NOTE | |
r-patched-linux-x86_64 | 1.1 | 9.95 | 77.54 | 87.49 | NOTE | |
r-release-linux-x86_64 | 1.1 | 9.44 | 76.71 | 86.15 | NOTE | |
r-release-macos-arm64 | 1.1 | 44.00 | NOTE | |||
r-release-macos-x86_64 | 1.1 | 113.00 | NOTE | |||
r-release-windows-x86_64 | 1.1 | 12.00 | 89.00 | 101.00 | NOTE | |
r-oldrel-macos-arm64 | 1.1 | 44.00 | OK | |||
r-oldrel-macos-x86_64 | 1.1 | 69.00 | OK | |||
r-oldrel-windows-x86_64 | 1.1 | 14.00 | 109.00 | 123.00 | OK |
Version: 1.1
Check: Rd files
Result: NOTE
checkRd: (-1) SRanalysis.Rd:100: Lost braces
100 | P. B{\"u}hlmann (2019). Stabilizing Variable Selection and
| ^
checkRd: (-1) StabilizedRegression.Rd:109: Lost braces
109 | P. B{\"u}hlmann (2019). Stabilizing Variable Selection and
| ^
Flavors: r-devel-linux-x86_64-debian-clang, r-devel-linux-x86_64-debian-gcc, r-devel-linux-x86_64-fedora-clang, r-devel-linux-x86_64-fedora-gcc, r-devel-windows-x86_64, r-patched-linux-x86_64, r-release-linux-x86_64, r-release-macos-arm64, r-release-macos-x86_64, r-release-windows-x86_64