Last updated on 2024-04-21 12:54:15 CEST.
Flavor | Version | Tinstall | Tcheck | Ttotal | Status | Flags |
---|---|---|---|---|---|---|
r-devel-linux-x86_64-debian-clang | 2.6.0 | 46.01 | 31.09 | 77.10 | NOTE | |
r-devel-linux-x86_64-debian-gcc | 2.6.0 | 30.56 | 23.36 | 53.92 | NOTE | |
r-devel-linux-x86_64-fedora-clang | 2.6.0 | 113.49 | NOTE | |||
r-devel-linux-x86_64-fedora-gcc | 2.6.0 | 109.36 | NOTE | |||
r-prerel-macos-arm64 | 2.6.0 | 26.00 | NOTE | |||
r-prerel-windows-x86_64 | 2.6.0 | 36.00 | 66.00 | 102.00 | NOTE | |
r-patched-linux-x86_64 | 2.6.0 | 41.33 | 30.14 | 71.47 | NOTE | |
r-release-linux-x86_64 | 2.6.0 | 40.23 | 30.02 | 70.25 | NOTE | |
r-release-macos-arm64 | 2.6.0 | 31.00 | NOTE | |||
r-release-macos-x86_64 | 2.6.0 | 47.00 | NOTE | |||
r-release-windows-x86_64 | 2.6.0 | 40.00 | 76.00 | 116.00 | NOTE | |
r-oldrel-macos-arm64 | 2.6.0 | 29.00 | OK | |||
r-oldrel-windows-x86_64 | 2.6.0 | 42.00 | 71.00 | 113.00 | OK |
Version: 2.6.0
Check: C++ specification
Result: NOTE
Specified C++11: please drop specification unless essential
Flavors: r-devel-linux-x86_64-debian-clang, r-devel-linux-x86_64-debian-gcc, r-devel-linux-x86_64-fedora-clang, r-devel-linux-x86_64-fedora-gcc, r-prerel-macos-arm64, r-prerel-windows-x86_64, r-patched-linux-x86_64, r-release-linux-x86_64, r-release-macos-arm64, r-release-macos-x86_64, r-release-windows-x86_64