Last updated on 2025-01-19 05:49:22 CET.
Flavor | Version | Tinstall | Tcheck | Ttotal | Status | Flags |
---|---|---|---|---|---|---|
r-devel-linux-x86_64-debian-clang | 0.1.2 | 26.25 | 61.38 | 87.63 | NOTE | |
r-devel-linux-x86_64-debian-gcc | 0.1.2 | 19.25 | 46.67 | 65.92 | NOTE | |
r-devel-linux-x86_64-fedora-clang | 0.1.2 | 157.31 | NOTE | |||
r-devel-linux-x86_64-fedora-gcc | 0.1.2 | 159.08 | NOTE | |||
r-devel-windows-x86_64 | 0.1.2 | 29.00 | 91.00 | 120.00 | NOTE | |
r-patched-linux-x86_64 | 0.1.2 | 29.55 | 57.30 | 86.85 | NOTE | |
r-release-linux-x86_64 | 0.1.2 | 24.21 | 57.98 | 82.19 | NOTE | |
r-release-macos-arm64 | 0.1.2 | 41.00 | NOTE | |||
r-release-macos-x86_64 | 0.1.2 | 56.00 | NOTE | |||
r-release-windows-x86_64 | 0.1.2 | 28.00 | 91.00 | 119.00 | NOTE | |
r-oldrel-macos-arm64 | 0.1.2 | 49.00 | NOTE | |||
r-oldrel-macos-x86_64 | 0.1.2 | 74.00 | NOTE | |||
r-oldrel-windows-x86_64 | 0.1.2 | 35.00 | 115.00 | 150.00 | NOTE |
Version: 0.1.2
Check: C++ specification
Result: NOTE
Specified C++11: please drop specification unless essential
Flavors: r-devel-linux-x86_64-debian-clang, r-devel-linux-x86_64-debian-gcc, r-devel-linux-x86_64-fedora-clang, r-devel-linux-x86_64-fedora-gcc, r-devel-windows-x86_64, r-patched-linux-x86_64, r-release-linux-x86_64, r-release-macos-arm64, r-release-macos-x86_64, r-release-windows-x86_64, r-oldrel-macos-arm64, r-oldrel-macos-x86_64, r-oldrel-windows-x86_64
Version: 0.1.2
Check: Rd cross-references
Result: NOTE
Found the following Rd file(s) with Rd \link{} targets missing package
anchors:
stochBlockORP.Rd: genRandomPar
Please provide package anchors for all Rd \link{} targets not in the
package itself and the base packages.
Flavors: r-devel-linux-x86_64-debian-clang, r-devel-linux-x86_64-debian-gcc, r-devel-windows-x86_64