Last updated on 2024-05-01 16:53:13 CEST.
Flavor | Version | Tinstall | Tcheck | Ttotal | Status | Flags |
---|---|---|---|---|---|---|
r-devel-linux-x86_64-debian-clang | 0.2.1 | 544.24 | 314.26 | 858.50 | NOTE | |
r-devel-linux-x86_64-debian-gcc | 0.2.1 | 436.51 | 218.33 | 654.84 | NOTE | |
r-devel-linux-x86_64-fedora-clang | 0.2.1 | 1302.87 | NOTE | |||
r-devel-linux-x86_64-fedora-gcc | 0.2.1 | 1277.74 | NOTE | |||
r-devel-windows-x86_64 | 0.2.1 | 405.00 | 209.00 | 614.00 | NOTE | |
r-patched-linux-x86_64 | 0.2.1 | 544.85 | 295.44 | 840.29 | NOTE | |
r-release-linux-x86_64 | 0.2.1 | 552.48 | 293.60 | 846.08 | NOTE | |
r-release-macos-arm64 | 0.2.1 | 197.00 | NOTE | |||
r-release-windows-x86_64 | 0.2.1 | 426.00 | 205.00 | 631.00 | NOTE | |
r-oldrel-macos-arm64 | 0.2.1 | 269.00 | NOTE | |||
r-oldrel-macos-x86_64 | 0.2.1 | 464.00 | NOTE | |||
r-oldrel-windows-x86_64 | 0.2.1 | 521.00 | 376.00 | 897.00 | NOTE |
Version: 0.2.1
Check: C++ specification
Result: NOTE
Specified C++11: please drop specification unless essential
Flavors: r-devel-linux-x86_64-debian-clang, r-devel-linux-x86_64-debian-gcc, r-devel-linux-x86_64-fedora-clang, r-devel-linux-x86_64-fedora-gcc, r-devel-windows-x86_64, r-patched-linux-x86_64, r-release-linux-x86_64, r-release-macos-arm64, r-release-windows-x86_64, r-oldrel-macos-arm64, r-oldrel-macos-x86_64, r-oldrel-windows-x86_64
Version: 0.2.1
Check: installed package size
Result: NOTE
installed size is 11.1Mb
sub-directories of 1Mb or more:
libs 10.1Mb
Flavors: r-release-macos-arm64, r-oldrel-macos-arm64, r-oldrel-macos-x86_64