Last updated on 2025-01-19 05:49:23 CET.
Flavor | Version | Tinstall | Tcheck | Ttotal | Status | Flags |
---|---|---|---|---|---|---|
r-devel-linux-x86_64-debian-clang | 1.0.1 | 17.67 | 110.49 | 128.16 | OK | |
r-devel-linux-x86_64-debian-gcc | 1.0.1 | 13.71 | 73.16 | 86.87 | OK | |
r-devel-linux-x86_64-fedora-clang | 1.0.1 | 237.95 | OK | |||
r-devel-linux-x86_64-fedora-gcc | 1.0.1 | 246.79 | OK | |||
r-devel-windows-x86_64 | 1.0.1 | 20.00 | 115.00 | 135.00 | OK | |
r-patched-linux-x86_64 | 1.0.1 | 19.60 | 106.62 | 126.22 | NOTE | |
r-release-linux-x86_64 | 1.0.1 | 17.18 | 106.10 | 123.28 | NOTE | |
r-release-macos-arm64 | 1.0.1 | 65.00 | NOTE | |||
r-release-macos-x86_64 | 1.0.1 | 99.00 | NOTE | |||
r-release-windows-x86_64 | 1.0.1 | 19.00 | 112.00 | 131.00 | NOTE | |
r-oldrel-macos-arm64 | 1.0.1 | 74.00 | NOTE | |||
r-oldrel-macos-x86_64 | 1.0.1 | 101.00 | NOTE | |||
r-oldrel-windows-x86_64 | 1.0.1 | 23.00 | 146.00 | 169.00 | NOTE |
Version: 1.0.1
Check: package dependencies
Result: NOTE
Package suggested but not available for checking: ‘velocyto.R’
Flavors: r-patched-linux-x86_64, r-release-linux-x86_64, r-release-macos-arm64, r-release-macos-x86_64, r-release-windows-x86_64, r-oldrel-macos-arm64, r-oldrel-macos-x86_64, r-oldrel-windows-x86_64