Last updated on 2025-01-19 05:49:23 CET.
Flavor | Version | Tinstall | Tcheck | Ttotal | Status | Flags |
---|---|---|---|---|---|---|
r-devel-linux-x86_64-debian-clang | 1.1.0 | 5.33 | 33.63 | 38.96 | NOTE | |
r-devel-linux-x86_64-debian-gcc | 1.1.0 | 4.09 | 26.72 | 30.81 | NOTE | |
r-devel-linux-x86_64-fedora-clang | 1.1.0 | 63.34 | NOTE | |||
r-devel-linux-x86_64-fedora-gcc | 1.1.0 | 79.29 | NOTE | |||
r-devel-windows-x86_64 | 1.1.0 | 9.00 | 59.00 | 68.00 | NOTE | |
r-patched-linux-x86_64 | 1.1.0 | 4.74 | 32.17 | 36.91 | NOTE | |
r-release-linux-x86_64 | 1.1.0 | 4.46 | 32.06 | 36.52 | NOTE | |
r-release-macos-arm64 | 1.1.0 | 28.00 | NOTE | |||
r-release-macos-x86_64 | 1.1.0 | 44.00 | NOTE | |||
r-release-windows-x86_64 | 1.1.0 | 11.00 | 59.00 | 70.00 | NOTE | |
r-oldrel-macos-arm64 | 1.1.0 | 28.00 | OK | |||
r-oldrel-macos-x86_64 | 1.1.0 | 41.00 | OK | |||
r-oldrel-windows-x86_64 | 1.1.0 | 10.00 | 64.00 | 74.00 | OK |
Version: 1.1.0
Check: Rd files
Result: NOTE
checkRd: (-1) plot.Rd:42: Lost braces; missing escapes or markup?
42 | \item{color.off}{color code; specifying the color for set(s) which are "{absent}" for an intersection.}
| ^
Flavors: r-devel-linux-x86_64-debian-clang, r-devel-linux-x86_64-debian-gcc, r-devel-linux-x86_64-fedora-clang, r-devel-linux-x86_64-fedora-gcc, r-devel-windows-x86_64, r-patched-linux-x86_64, r-release-linux-x86_64, r-release-macos-arm64, r-release-macos-x86_64, r-release-windows-x86_64