CRAN Package Check Results for Package SuperLearner

Last updated on 2019-10-14 12:48:09 CEST.

Flavor Version Tinstall Tcheck Ttotal Status Flags
r-devel-linux-x86_64-debian-clang 2.0-25 5.48 466.64 472.12 OK
r-devel-linux-x86_64-debian-gcc 2.0-25 5.54 350.36 355.90 OK
r-devel-linux-x86_64-fedora-clang 2.0-25 533.31 OK
r-devel-linux-x86_64-fedora-gcc 2.0-25 536.09 OK
r-devel-windows-ix86+x86_64 2.0-25 9.00 472.00 481.00 OK
r-patched-linux-x86_64 2.0-25 6.35 448.30 454.65 OK
r-patched-solaris-x86 2.0-25 1000.10 OK
r-release-linux-x86_64 2.0-25 6.15 449.54 455.69 OK
r-release-windows-ix86+x86_64 2.0-25 15.00 577.00 592.00 OK
r-release-osx-x86_64 2.0-25 NOTE
r-oldrel-windows-ix86+x86_64 2.0-25 7.00 353.00 360.00 OK
r-oldrel-osx-x86_64 2.0-25 OK

Check Details

Version: 2.0-25
Check: package dependencies
Result: NOTE
    Packages suggested but not available for checking: 'genefilter', 'sva'
Flavor: r-release-osx-x86_64