Last updated on 2024-03-28 14:48:44 CET.
Flavor | Version | Tinstall | Tcheck | Ttotal | Status | Flags |
---|---|---|---|---|---|---|
r-devel-linux-x86_64-debian-clang | 3.2.5 | 51.91 | 641.78 | 693.69 | OK | |
r-devel-linux-x86_64-debian-gcc | 3.2.5 | 41.12 | 458.29 | 499.41 | OK | |
r-devel-linux-x86_64-fedora-clang | 3.2.5 | 896.02 | NOTE | |||
r-devel-linux-x86_64-fedora-gcc | 3.2.5 | 854.86 | OK | |||
r-devel-windows-x86_64 | 3.2.5 | 44.00 | 458.00 | 502.00 | OK | |
r-patched-linux-x86_64 | 3.2.5 | 58.17 | 615.72 | 673.89 | OK | |
r-release-linux-x86_64 | 3.2.5 | 54.04 | 614.66 | 668.70 | OK | |
r-release-macos-arm64 | 3.2.5 | 131.00 | OK | |||
r-release-macos-x86_64 | 3.2.5 | 235.00 | OK | |||
r-release-windows-x86_64 | 3.2.5 | 47.00 | 619.00 | 666.00 | OK | |
r-oldrel-macos-arm64 | 3.2.5 | 120.00 | OK | |||
r-oldrel-windows-x86_64 | 3.2.5 | 63.00 | 561.00 | 624.00 | OK |
Version: 3.2.5
Check: package dependencies
Result: NOTE
Imports includes 22 non-default packages.
Importing from so many packages makes the package vulnerable to any of
them becoming unavailable. Move as many as possible to Suggests and
use conditionally.
Flavor: r-devel-linux-x86_64-fedora-clang