CRAN Package Check Results for Package Surrogate

Last updated on 2020-11-23 13:15:35 CET.

Flavor Version Tinstall Tcheck Ttotal Status Flags
r-devel-linux-x86_64-debian-clang 1.7 49.60 252.86 302.46 OK
r-devel-linux-x86_64-debian-gcc 1.7 34.61 187.76 222.37 OK
r-devel-linux-x86_64-fedora-clang 1.7 362.63 NOTE
r-devel-linux-x86_64-fedora-gcc 1.7 361.12 NOTE
r-devel-windows-ix86+x86_64 1.7 57.00 207.00 264.00 OK
r-patched-linux-x86_64 1.7 31.08 235.94 267.02 OK
r-patched-solaris-x86 1.7 432.90 NOTE
r-release-linux-x86_64 1.7 41.18 236.25 277.43 OK
r-release-macos-x86_64 1.7 NOTE
r-release-windows-ix86+x86_64 1.7 53.00 210.00 263.00 OK
r-oldrel-macos-x86_64 1.7 WARN
r-oldrel-windows-ix86+x86_64 1.7 46.00 263.00 309.00 OK

Check Details

Version: 1.7
Check: dependencies in R code
Result: NOTE
    Namespace in Imports field not imported from: ‘rootSolve’
     All declared Imports should be used.
Flavors: r-devel-linux-x86_64-fedora-clang, r-devel-linux-x86_64-fedora-gcc, r-patched-solaris-x86, r-release-macos-x86_64, r-oldrel-macos-x86_64

Version: 1.7
Check: whether package can be installed
Result: WARN
    Found the following significant warnings:
     Warning: 'rgl.init' failed, running with 'rgl.useNULL = TRUE'.
Flavor: r-oldrel-macos-x86_64