CRAN Package Check Results for Package SynchWave

Last updated on 2025-01-19 05:49:23 CET.

Flavor Version Tinstall Tcheck Ttotal Status Flags
r-devel-linux-x86_64-debian-clang 1.1.2 6.93 54.40 61.33 OK
r-devel-linux-x86_64-debian-gcc 1.1.2 4.35 38.10 42.45 OK
r-devel-linux-x86_64-fedora-clang 1.1.2 96.90 NOTE
r-devel-linux-x86_64-fedora-gcc 1.1.2 100.89 NOTE
r-devel-windows-x86_64 1.1.2 9.00 80.00 89.00 OK
r-patched-linux-x86_64 1.1.2 6.51 51.50 58.01 OK
r-release-linux-x86_64 1.1.2 5.82 51.20 57.02 OK
r-release-macos-arm64 1.1.2 31.00 OK
r-release-macos-x86_64 1.1.2 51.00 OK
r-release-windows-x86_64 1.1.2 9.00 81.00 90.00 OK
r-oldrel-macos-arm64 1.1.2 44.00 OK
r-oldrel-macos-x86_64 1.1.2 64.00 OK
r-oldrel-windows-x86_64 1.1.2 11.00 88.00 99.00 OK

Check Details

Version: 1.1.2
Check: compiled code
Result: NOTE File ‘SynchWave/libs/SynchWave.so’: Found no calls to: ‘R_registerRoutines’, ‘R_useDynamicSymbols’ It is good practice to register native routines and to disable symbol search. See ‘Writing portable packages’ in the ‘Writing R Extensions’ manual. Flavors: r-devel-linux-x86_64-fedora-clang, r-devel-linux-x86_64-fedora-gcc