CRAN Package Check Results for Package TAShiny

Last updated on 2020-06-02 12:48:59 CEST.

Flavor Version Tinstall Tcheck Ttotal Status Flags
r-devel-linux-x86_64-debian-clang 0.1.0 1.80 17.50 19.30 OK
r-devel-linux-x86_64-debian-gcc 0.1.0 1.41 14.08 15.49 OK
r-devel-linux-x86_64-fedora-clang 0.1.0 32.73 NOTE
r-devel-linux-x86_64-fedora-gcc 0.1.0 23.12 NOTE
r-devel-windows-ix86+x86_64 0.1.0 8.00 38.00 46.00 OK
r-patched-linux-x86_64 0.1.0 1.78 17.89 19.67 OK
r-patched-solaris-x86 0.1.0 37.60 NOTE
r-release-linux-x86_64 0.1.0 1.82 17.49 19.31 OK
r-release-osx-x86_64 0.1.0 NOTE
r-release-windows-ix86+x86_64 0.1.0 5.00 30.00 35.00 OK
r-oldrel-osx-x86_64 0.1.0 NOTE
r-oldrel-windows-ix86+x86_64 0.1.0 4.00 29.00 33.00 OK

Check Details

Version: 0.1.0
Check: dependencies in R code
Result: NOTE
    Namespaces in Imports field not imported from:
     ‘SnowballC’ ‘dplyr’ ‘igraph’ ‘tm’ ‘wordcloud2’
     All declared Imports should be used.
Flavors: r-devel-linux-x86_64-fedora-clang, r-devel-linux-x86_64-fedora-gcc, r-patched-solaris-x86, r-release-osx-x86_64, r-oldrel-osx-x86_64