CRAN Package Check Results for Package TAShiny

Last updated on 2019-10-20 12:46:28 CEST.

Flavor Version Tinstall Tcheck Ttotal Status Flags
r-devel-linux-x86_64-debian-clang 0.1.0 1.74 16.22 17.96 OK
r-devel-linux-x86_64-debian-gcc 0.1.0 1.47 13.04 14.51 OK
r-devel-linux-x86_64-fedora-clang 0.1.0 22.11 NOTE
r-devel-linux-x86_64-fedora-gcc 0.1.0 22.55 NOTE
r-devel-windows-ix86+x86_64 0.1.0 6.00 27.00 33.00 OK
r-patched-linux-x86_64 0.1.0 1.17 15.67 16.84 OK
r-patched-solaris-x86 0.1.0 34.20 NOTE
r-release-linux-x86_64 0.1.0 1.36 15.69 17.05 OK
r-release-windows-ix86+x86_64 0.1.0 6.00 28.00 34.00 OK
r-release-osx-x86_64 0.1.0 NOTE
r-oldrel-windows-ix86+x86_64 0.1.0 3.00 26.00 29.00 OK
r-oldrel-osx-x86_64 0.1.0 NOTE

Check Details

Version: 0.1.0
Check: dependencies in R code
Result: NOTE
    Namespaces in Imports field not imported from:
     ‘SnowballC’ ‘dplyr’ ‘igraph’ ‘tm’ ‘wordcloud2’
     All declared Imports should be used.
Flavors: r-devel-linux-x86_64-fedora-clang, r-devel-linux-x86_64-fedora-gcc, r-patched-solaris-x86, r-release-osx-x86_64, r-oldrel-osx-x86_64