Last updated on 2024-05-01 16:53:14 CEST.
Flavor | Version | Tinstall | Tcheck | Ttotal | Status | Flags |
---|---|---|---|---|---|---|
r-devel-linux-x86_64-debian-clang | 1.0.2 | 53.90 | 140.73 | 194.63 | NOTE | |
r-devel-linux-x86_64-debian-gcc | 1.0.2 | 37.63 | 107.42 | 145.05 | NOTE | |
r-devel-linux-x86_64-fedora-clang | 1.0.2 | 240.82 | NOTE | |||
r-devel-linux-x86_64-fedora-gcc | 1.0.2 | 263.25 | NOTE | |||
r-devel-windows-x86_64 | 1.0.2 | 41.00 | 143.00 | 184.00 | NOTE | |
r-patched-linux-x86_64 | 1.0.2 | 48.63 | 133.95 | 182.58 | NOTE | |
r-release-linux-x86_64 | 1.0.2 | 50.56 | 134.52 | 185.08 | NOTE | |
r-release-macos-arm64 | 1.0.2 | 72.00 | NOTE | |||
r-release-windows-x86_64 | 1.0.2 | 43.00 | 142.00 | 185.00 | NOTE | |
r-oldrel-macos-arm64 | 1.0.2 | 91.00 | NOTE | |||
r-oldrel-macos-x86_64 | 1.0.2 | 124.00 | NOTE | |||
r-oldrel-windows-x86_64 | 1.0.2 | 52.00 | 211.00 | 263.00 | NOTE |
Version: 1.0.2
Check: C++ specification
Result: NOTE
Specified C++11: please drop specification unless essential
Flavors: r-devel-linux-x86_64-debian-clang, r-devel-linux-x86_64-debian-gcc, r-devel-linux-x86_64-fedora-clang, r-devel-linux-x86_64-fedora-gcc, r-devel-windows-x86_64, r-patched-linux-x86_64, r-release-linux-x86_64, r-release-macos-arm64, r-release-windows-x86_64, r-oldrel-macos-arm64, r-oldrel-macos-x86_64, r-oldrel-windows-x86_64
Version: 1.0.2
Check: LazyData
Result: NOTE
'LazyData' is specified without a 'data' directory
Flavors: r-devel-linux-x86_64-debian-clang, r-devel-linux-x86_64-debian-gcc, r-devel-linux-x86_64-fedora-clang, r-devel-linux-x86_64-fedora-gcc, r-devel-windows-x86_64, r-patched-linux-x86_64, r-release-linux-x86_64, r-release-macos-arm64, r-release-windows-x86_64, r-oldrel-macos-arm64, r-oldrel-macos-x86_64, r-oldrel-windows-x86_64
Version: 1.0.2
Check: installed package size
Result: NOTE
installed size is 5.3Mb
sub-directories of 1Mb or more:
libs 5.1Mb
Flavor: r-oldrel-macos-arm64