CRAN Package Check Results for Package TDAkit

Last updated on 2025-01-19 05:49:23 CET.

Flavor Version Tinstall Tcheck Ttotal Status Flags
r-devel-linux-x86_64-debian-clang 0.1.2 50.47 157.40 207.87 NOTE
r-devel-linux-x86_64-debian-gcc 0.1.2 33.82 111.06 144.88 NOTE
r-devel-linux-x86_64-fedora-clang 0.1.2 347.59 NOTE
r-devel-linux-x86_64-fedora-gcc 0.1.2 342.02 NOTE
r-devel-windows-x86_64 0.1.2 52.00 167.00 219.00 NOTE
r-patched-linux-x86_64 0.1.2 47.14 145.73 192.87 NOTE
r-release-linux-x86_64 0.1.2 45.15 144.01 189.16 NOTE
r-release-macos-arm64 0.1.2 75.00 NOTE
r-release-macos-x86_64 0.1.2 109.00 NOTE
r-release-windows-x86_64 0.1.2 49.00 160.00 209.00 NOTE
r-oldrel-macos-arm64 0.1.2 91.00 NOTE
r-oldrel-macos-x86_64 0.1.2 158.00 NOTE
r-oldrel-windows-x86_64 0.1.2 62.00 210.00 272.00 NOTE

Check Details

Version: 0.1.2
Check: C++ specification
Result: NOTE Specified C++11: please drop specification unless essential Flavors: r-devel-linux-x86_64-debian-clang, r-devel-linux-x86_64-debian-gcc, r-devel-linux-x86_64-fedora-clang, r-devel-linux-x86_64-fedora-gcc, r-devel-windows-x86_64, r-patched-linux-x86_64, r-release-linux-x86_64, r-release-macos-arm64, r-release-macos-x86_64, r-release-windows-x86_64, r-oldrel-macos-arm64, r-oldrel-macos-x86_64, r-oldrel-windows-x86_64