Last updated on 2025-01-19 05:49:23 CET.
Flavor | Version | Tinstall | Tcheck | Ttotal | Status | Flags |
---|---|---|---|---|---|---|
r-devel-linux-x86_64-debian-clang | 0.1.3 | 0.39 | 1.83 | 2.22 | ERROR | |
r-devel-linux-x86_64-debian-gcc | 0.1.3 | 0.33 | 1.72 | 2.05 | ERROR | |
r-devel-linux-x86_64-fedora-clang | 0.1.3 | 2.57 | ERROR | |||
r-devel-linux-x86_64-fedora-gcc | 0.1.3 | 2.91 | ERROR | |||
r-devel-windows-x86_64 | 0.1.3 | 45.00 | 65.00 | 110.00 | OK | |
r-patched-linux-x86_64 | 0.1.3 | 0.34 | 1.73 | 2.07 | ERROR | |
r-release-linux-x86_64 | 0.1.3 | 0.36 | 1.72 | 2.08 | ERROR | |
r-release-macos-arm64 | 0.1.3 | 49.00 | OK | |||
r-release-macos-x86_64 | 0.1.3 | 65.00 | OK | |||
r-release-windows-x86_64 | 0.1.3 | 47.00 | 66.00 | 113.00 | OK | |
r-oldrel-macos-arm64 | 0.1.3 | 60.00 | OK | |||
r-oldrel-macos-x86_64 | 0.1.3 | 84.00 | OK | |||
r-oldrel-windows-x86_64 | 0.1.3 | 53.00 | 73.00 | 126.00 | OK |
Version: 0.1.3
Check: package dependencies
Result: ERROR
Package required but not available: ‘TDA’
See section ‘The DESCRIPTION file’ in the ‘Writing R Extensions’
manual.
Flavors: r-devel-linux-x86_64-debian-clang, r-devel-linux-x86_64-debian-gcc, r-devel-linux-x86_64-fedora-clang, r-devel-linux-x86_64-fedora-gcc, r-patched-linux-x86_64, r-release-linux-x86_64