Last updated on 2025-01-19 05:49:23 CET.
Flavor | Version | Tinstall | Tcheck | Ttotal | Status | Flags |
---|---|---|---|---|---|---|
r-devel-linux-x86_64-debian-clang | 0.1.0 | 1.59 | 15.99 | 17.58 | OK | |
r-devel-linux-x86_64-debian-gcc | 0.1.0 | 1.22 | 13.87 | 15.09 | OK | |
r-devel-linux-x86_64-fedora-clang | 0.1.0 | 28.80 | OK | |||
r-devel-linux-x86_64-fedora-gcc | 0.1.0 | 30.29 | OK | |||
r-devel-windows-x86_64 | 0.1.0 | 3.00 | 40.00 | 43.00 | OK | |
r-patched-linux-x86_64 | 0.1.0 | 1.46 | 15.39 | 16.85 | NOTE | |
r-release-linux-x86_64 | 0.1.0 | 1.47 | 15.43 | 16.90 | NOTE | |
r-release-macos-arm64 | 0.1.0 | 22.00 | OK | |||
r-release-macos-x86_64 | 0.1.0 | 19.00 | OK | |||
r-release-windows-x86_64 | 0.1.0 | 2.00 | 39.00 | 41.00 | OK | |
r-oldrel-macos-arm64 | 0.1.0 | 28.00 | OK | |||
r-oldrel-macos-x86_64 | 0.1.0 | 37.00 | OK | |||
r-oldrel-windows-x86_64 | 0.1.0 | 3.00 | 42.00 | 45.00 | OK |
Version: 0.1.0
Check: DESCRIPTION meta-information
Result: NOTE
Dependence on R version ‘4.2.3’ not with patchlevel 0
Flavors: r-patched-linux-x86_64, r-release-linux-x86_64