Last updated on 2024-04-21 12:54:16 CEST.
Flavor | Version | Tinstall | Tcheck | Ttotal | Status | Flags |
---|---|---|---|---|---|---|
r-devel-linux-x86_64-debian-clang | 2.1.2 | 28.89 | 101.84 | 130.73 | NOTE | |
r-devel-linux-x86_64-debian-gcc | 2.1.2 | 21.83 | 73.26 | 95.09 | NOTE | |
r-devel-linux-x86_64-fedora-clang | 2.1.2 | 165.36 | NOTE | |||
r-devel-linux-x86_64-fedora-gcc | 2.1.2 | 174.73 | NOTE | |||
r-prerel-macos-arm64 | 2.1.2 | 45.00 | NOTE | |||
r-prerel-windows-x86_64 | 2.1.2 | 23.00 | 118.00 | 141.00 | NOTE | |
r-patched-linux-x86_64 | 2.1.2 | 31.55 | 94.45 | 126.00 | NOTE | |
r-release-linux-x86_64 | 2.1.2 | 25.54 | 94.53 | 120.07 | OK | |
r-release-macos-arm64 | 2.1.2 | 54.00 | OK | |||
r-release-macos-x86_64 | 2.1.2 | 78.00 | OK | |||
r-release-windows-x86_64 | 2.1.2 | 29.00 | 137.00 | 166.00 | OK | |
r-oldrel-macos-arm64 | 2.1.2 | 41.00 | OK | |||
r-oldrel-windows-x86_64 | 2.1.2 | 28.00 | 139.00 | 167.00 | OK |
Version: 2.1.2
Check: Rd files
Result: NOTE
checkRd: (-1) tess.plot.multichain.diagnostics.Rd:45: Lost braces in \itemize; meant \describe ?
checkRd: (-1) tess.plot.multichain.diagnostics.Rd:46: Lost braces in \itemize; meant \describe ?
checkRd: (-1) tess.plot.multichain.diagnostics.Rd:47: Lost braces in \itemize; meant \describe ?
checkRd: (-1) tess.plot.multichain.diagnostics.Rd:48: Lost braces in \itemize; meant \describe ?
checkRd: (-1) tess.plot.multichain.diagnostics.Rd:49: Lost braces in \itemize; meant \describe ?
checkRd: (-1) tess.plot.multichain.diagnostics.Rd:50: Lost braces in \itemize; meant \describe ?
checkRd: (-1) tess.plot.multichain.diagnostics.Rd:51: Lost braces in \itemize; meant \describe ?
checkRd: (-1) tess.plot.output.Rd:47: Lost braces in \itemize; meant \describe ?
checkRd: (-1) tess.plot.output.Rd:48: Lost braces in \itemize; meant \describe ?
checkRd: (-1) tess.plot.output.Rd:49: Lost braces in \itemize; meant \describe ?
checkRd: (-1) tess.plot.output.Rd:50: Lost braces in \itemize; meant \describe ?
checkRd: (-1) tess.plot.output.Rd:51: Lost braces in \itemize; meant \describe ?
checkRd: (-1) tess.plot.output.Rd:52: Lost braces in \itemize; meant \describe ?
checkRd: (-1) tess.plot.output.Rd:53: Lost braces in \itemize; meant \describe ?
checkRd: (-1) tess.plot.output.Rd:54: Lost braces in \itemize; meant \describe ?
checkRd: (-1) tess.plot.output.Rd:55: Lost braces in \itemize; meant \describe ?
checkRd: (-1) tess.plot.output.Rd:56: Lost braces in \itemize; meant \describe ?
checkRd: (-1) tess.plot.singlechain.diagnostics.Rd:49: Lost braces in \itemize; meant \describe ?
checkRd: (-1) tess.plot.singlechain.diagnostics.Rd:50: Lost braces in \itemize; meant \describe ?
checkRd: (-1) tess.plot.singlechain.diagnostics.Rd:51: Lost braces in \itemize; meant \describe ?
checkRd: (-1) tess.plot.singlechain.diagnostics.Rd:52: Lost braces in \itemize; meant \describe ?
checkRd: (-1) tess.plot.singlechain.diagnostics.Rd:53: Lost braces in \itemize; meant \describe ?
checkRd: (-1) tess.plot.singlechain.diagnostics.Rd:54: Lost braces in \itemize; meant \describe ?
checkRd: (-1) tess.plot.singlechain.diagnostics.Rd:55: Lost braces in \itemize; meant \describe ?
Flavors: r-devel-linux-x86_64-debian-clang, r-devel-linux-x86_64-debian-gcc, r-devel-linux-x86_64-fedora-clang, r-devel-linux-x86_64-fedora-gcc, r-prerel-macos-arm64, r-prerel-windows-x86_64, r-patched-linux-x86_64