Last updated on 2025-01-19 05:49:23 CET.
Flavor | Version | Tinstall | Tcheck | Ttotal | Status | Flags |
---|---|---|---|---|---|---|
r-devel-linux-x86_64-debian-clang | 0.0.9 | 11.68 | 21.54 | 33.22 | NOTE | |
r-devel-linux-x86_64-debian-gcc | 0.0.9 | 8.42 | 17.00 | 25.42 | NOTE | |
r-devel-linux-x86_64-fedora-clang | 0.0.9 | 66.22 | NOTE | |||
r-devel-linux-x86_64-fedora-gcc | 0.0.9 | 60.52 | NOTE | |||
r-devel-windows-x86_64 | 0.0.9 | 16.00 | 59.00 | 75.00 | NOTE | |
r-patched-linux-x86_64 | 0.0.9 | 11.44 | 20.63 | 32.07 | NOTE | |
r-release-linux-x86_64 | 0.0.9 | 11.25 | 20.68 | 31.93 | NOTE | |
r-release-macos-arm64 | 0.0.9 | 22.00 | NOTE | |||
r-release-macos-x86_64 | 0.0.9 | 29.00 | NOTE | |||
r-release-windows-x86_64 | 0.0.9 | 16.00 | 63.00 | 79.00 | NOTE | |
r-oldrel-macos-arm64 | 0.0.9 | 23.00 | NOTE | |||
r-oldrel-macos-x86_64 | 0.0.9 | 36.00 | NOTE | |||
r-oldrel-windows-x86_64 | 0.0.9 | 19.00 | 69.00 | 88.00 | NOTE |
Version: 0.0.9
Check: C++ specification
Result: NOTE
Specified C++11: please drop specification unless essential
Flavors: r-devel-linux-x86_64-debian-clang, r-devel-linux-x86_64-debian-gcc, r-devel-linux-x86_64-fedora-clang, r-devel-linux-x86_64-fedora-gcc, r-devel-windows-x86_64, r-patched-linux-x86_64, r-release-linux-x86_64, r-release-macos-arm64, r-release-macos-x86_64, r-release-windows-x86_64, r-oldrel-macos-arm64, r-oldrel-macos-x86_64, r-oldrel-windows-x86_64