Last updated on 2025-01-19 05:49:23 CET.
Flavor | Version | Tinstall | Tcheck | Ttotal | Status | Flags |
---|---|---|---|---|---|---|
r-devel-linux-x86_64-debian-clang | 0.2.0 | 7.05 | 62.32 | 69.37 | OK | |
r-devel-linux-x86_64-debian-gcc | 0.2.0 | 5.32 | 45.44 | 50.76 | OK | |
r-devel-linux-x86_64-fedora-clang | 0.2.0 | 109.91 | OK | |||
r-devel-linux-x86_64-fedora-gcc | 0.2.0 | 115.07 | OK | |||
r-devel-windows-x86_64 | 0.2.0 | 9.00 | 81.00 | 90.00 | OK | |
r-patched-linux-x86_64 | 0.2.0 | 7.40 | 60.17 | 67.57 | NOTE | |
r-release-linux-x86_64 | 0.2.0 | 6.54 | 59.18 | 65.72 | NOTE | |
r-release-macos-arm64 | 0.2.0 | 32.00 | NOTE | |||
r-release-macos-x86_64 | 0.2.0 | 64.00 | NOTE | |||
r-release-windows-x86_64 | 0.2.0 | 8.00 | 82.00 | 90.00 | NOTE | |
r-oldrel-macos-arm64 | 0.2.0 | 38.00 | NOTE | |||
r-oldrel-macos-x86_64 | 0.2.0 | 53.00 | NOTE | |||
r-oldrel-windows-x86_64 | 0.2.0 | 10.00 | 92.00 | 102.00 | NOTE |
Version: 0.2.0
Check: LazyData
Result: NOTE
'LazyData' is specified without a 'data' directory
Flavors: r-patched-linux-x86_64, r-release-linux-x86_64, r-release-macos-arm64, r-release-macos-x86_64, r-release-windows-x86_64, r-oldrel-macos-arm64, r-oldrel-macos-x86_64, r-oldrel-windows-x86_64